CRAN Package Check Results for Package editData

Last updated on 2022-12-06 19:55:44 CET.

Flavor Version Tinstall Tcheck Ttotal Status Flags
r-devel-linux-x86_64-debian-clang 0.1.8 8.15 70.35 78.50 OK
r-devel-linux-x86_64-debian-gcc 0.1.8 6.70 52.38 59.08 OK
r-devel-linux-x86_64-fedora-clang 0.1.8 107.52 NOTE
r-devel-linux-x86_64-fedora-gcc 0.1.8 113.42 NOTE
r-devel-windows-x86_64 0.1.8 23.00 104.00 127.00 OK
r-patched-linux-x86_64 0.1.8 5.56 65.35 70.91 OK
r-release-linux-x86_64 0.1.8 5.50 66.29 71.79 OK
r-release-macos-arm64 0.1.8 29.00 NOTE
r-release-macos-x86_64 0.1.8 47.00 NOTE
r-release-windows-x86_64 0.1.8 27.00 103.00 130.00 OK
r-oldrel-macos-arm64 0.1.8 31.00 NOTE
r-oldrel-macos-x86_64 0.1.8 54.00 NOTE
r-oldrel-windows-ix86+x86_64 0.1.8 20.00 100.00 120.00 OK

Check Details

Version: 0.1.8
Check: dependencies in R code
Result: NOTE
    Namespaces in Imports field not imported from:
     ‘dplyr’ ‘magrittr’ ‘tibble’
     All declared Imports should be used.
Flavors: r-devel-linux-x86_64-fedora-clang, r-devel-linux-x86_64-fedora-gcc, r-release-macos-arm64, r-release-macos-x86_64, r-oldrel-macos-arm64, r-oldrel-macos-x86_64