CRAN Package Check Results for Package edmdata

Last updated on 2024-04-20 11:50:11 CEST.

Flavor Version Tinstall Tcheck Ttotal Status Flags
r-devel-linux-x86_64-debian-clang 1.2.0 3.12 25.36 28.48 NOTE
r-devel-linux-x86_64-debian-gcc 1.2.0 2.18 19.74 21.92 NOTE
r-devel-linux-x86_64-fedora-clang 1.2.0 36.57 NOTE
r-devel-linux-x86_64-fedora-gcc 1.2.0 34.43 NOTE
r-prerel-macos-arm64 1.2.0 15.00 NOTE
r-prerel-windows-x86_64 1.2.0 4.00 40.00 44.00 NOTE
r-patched-linux-x86_64 1.2.0 3.04 24.70 27.74 NOTE
r-release-linux-x86_64 1.2.0 2.80 25.09 27.89 OK
r-release-macos-arm64 1.2.0 16.00 OK
r-release-macos-x86_64 1.2.0 22.00 OK
r-release-windows-x86_64 1.2.0 4.00 41.00 45.00 OK
r-oldrel-macos-arm64 1.2.0 15.00 OK
r-oldrel-windows-x86_64 1.2.0 9.00 44.00 53.00 OK

Check Details

Version: 1.2.0
Check: Rd files
Result: NOTE checkRd: (-1) items_ordered_eclsk_atl.Rd:23: Lost braces; missing escapes or markup? 23 | \item \code{P4SRS10}: Keep working at something until {he/she} is finished? | ^ Flavors: r-devel-linux-x86_64-debian-clang, r-devel-linux-x86_64-debian-gcc, r-devel-linux-x86_64-fedora-clang, r-devel-linux-x86_64-fedora-gcc, r-prerel-macos-arm64, r-prerel-windows-x86_64, r-patched-linux-x86_64