CRAN Package Check Results for Package eechidna

Last updated on 2019-08-23 15:46:55 CEST.

Flavor Version Tinstall Tcheck Ttotal Status Flags
r-devel-linux-x86_64-debian-clang 1.3.0 12.58 103.83 116.41 OK
r-devel-linux-x86_64-debian-gcc 1.3.0 OK
r-devel-linux-x86_64-fedora-clang 1.3.0 137.56 OK
r-devel-linux-x86_64-fedora-gcc 1.3.0 134.98 OK
r-devel-windows-ix86+x86_64 1.3.0 20.00 121.00 141.00 OK
r-patched-linux-x86_64 1.3.0 11.35 97.95 109.30 OK
r-patched-solaris-x86 1.3.0 216.40 NOTE
r-release-linux-x86_64 1.3.0 10.96 101.75 112.71 OK
r-release-windows-ix86+x86_64 1.3.0 38.00 166.00 204.00 OK
r-release-osx-x86_64 1.3.0 OK
r-oldrel-windows-ix86+x86_64 1.3.0 22.00 153.00 175.00 OK
r-oldrel-osx-x86_64 1.3.0 OK

Check Details

Version: 1.3.0
Check: installed package size
Result: NOTE
     installed size is 5.0Mb
     sub-directories of 1Mb or more:
     data 3.9Mb
Flavor: r-patched-solaris-x86