CRAN Package Check Results for Package eechidna

Last updated on 2018-08-18 10:50:26 CEST.

Flavor Version Tinstall Tcheck Ttotal Status Flags
r-devel-linux-x86_64-debian-clang 1.1 10.78 123.05 133.83 OK
r-devel-linux-x86_64-debian-gcc 1.1 9.97 97.35 107.32 OK
r-devel-linux-x86_64-fedora-clang 1.1 165.34 NOTE
r-devel-linux-x86_64-fedora-gcc 1.1 160.59 OK
r-devel-windows-ix86+x86_64 1.1 29.00 195.00 224.00 NOTE
r-patched-linux-x86_64 1.1 11.43 114.89 126.32 OK
r-patched-solaris-x86 1.1 228.30 NOTE
r-release-linux-x86_64 1.1 10.34 117.17 127.51 OK
r-release-windows-ix86+x86_64 1.1 30.00 194.00 224.00 NOTE
r-release-osx-x86_64 1.1 NOTE
r-oldrel-windows-ix86+x86_64 1.1 19.00 167.00 186.00 NOTE
r-oldrel-osx-x86_64 1.1 NOTE

Check Details

Version: 1.1
Check: installed package size
Result: NOTE
     installed size is 6.3Mb
     sub-directories of 1Mb or more:
     data 4.9Mb
     doc 1.2Mb
Flavors: r-devel-linux-x86_64-fedora-clang, r-devel-windows-ix86+x86_64, r-patched-solaris-x86, r-release-windows-ix86+x86_64, r-release-osx-x86_64, r-oldrel-windows-ix86+x86_64, r-oldrel-osx-x86_64