CRAN Package Check Results for Package eechidna

Last updated on 2018-10-21 17:54:05 CEST.

Flavor Version Tinstall Tcheck Ttotal Status Flags
r-devel-linux-x86_64-debian-clang 1.1 10.70 124.14 134.84 OK
r-devel-linux-x86_64-debian-gcc 1.1 10.03 95.79 105.82 OK
r-devel-linux-x86_64-fedora-clang 1.1 167.19 NOTE
r-devel-linux-x86_64-fedora-gcc 1.1 164.34 OK
r-devel-windows-ix86+x86_64 1.1 28.00 195.00 223.00 NOTE
r-patched-linux-x86_64 1.1 8.99 115.41 124.40 OK
r-patched-solaris-x86 1.1 224.90 NOTE
r-release-linux-x86_64 1.1 0.87 2.11 2.98 ERROR
r-release-windows-ix86+x86_64 1.1 29.00 194.00 223.00 NOTE
r-release-osx-x86_64 1.1 NOTE
r-oldrel-windows-ix86+x86_64 1.1 17.00 212.00 229.00 NOTE
r-oldrel-osx-x86_64 1.1 NOTE

Check Details

Version: 1.1
Check: installed package size
Result: NOTE
     installed size is 6.3Mb
     sub-directories of 1Mb or more:
     data 4.9Mb
     doc 1.2Mb
Flavors: r-devel-linux-x86_64-fedora-clang, r-devel-windows-ix86+x86_64, r-patched-solaris-x86, r-release-windows-ix86+x86_64, r-release-osx-x86_64, r-oldrel-windows-ix86+x86_64, r-oldrel-osx-x86_64

Version: 1.1
Check: package dependencies
Result: ERROR
    Package required but not available: ‘plotly’
    
    See section ‘The DESCRIPTION file’ in the ‘Writing R Extensions’
    manual.
Flavor: r-release-linux-x86_64