CRAN Package Check Results for Package eechidna

Last updated on 2018-05-25 04:50:17 CEST.

Flavor Version Tinstall Tcheck Ttotal Status Flags
r-devel-linux-x86_64-debian-clang 1.1 9.58 107.00 116.58 OK
r-devel-linux-x86_64-debian-gcc 1.1 9.25 92.93 102.18 OK
r-devel-linux-x86_64-fedora-clang 1.1 154.17 NOTE
r-devel-linux-x86_64-fedora-gcc 1.1 160.35 NOTE
r-devel-windows-ix86+x86_64 1.1 19.00 144.00 163.00 NOTE
r-patched-linux-x86_64 1.1 9.34 114.26 123.60 OK
r-patched-solaris-x86 1.1 222.00 NOTE
r-release-linux-x86_64 1.1 9.05 114.88 123.93 OK
r-release-windows-ix86+x86_64 1.1 25.00 187.00 212.00 NOTE
r-release-osx-x86_64 1.1 NOTE
r-oldrel-windows-ix86+x86_64 1.1 25.00 152.00 177.00 NOTE
r-oldrel-osx-x86_64 1.1 NOTE

Check Details

Version: 1.1
Check: installed package size
Result: NOTE
     installed size is 6.3Mb
     sub-directories of 1Mb or more:
     data 4.9Mb
     doc 1.2Mb
Flavors: r-devel-linux-x86_64-fedora-clang, r-devel-linux-x86_64-fedora-gcc, r-devel-windows-ix86+x86_64, r-patched-solaris-x86, r-release-windows-ix86+x86_64, r-release-osx-x86_64, r-oldrel-windows-ix86+x86_64, r-oldrel-osx-x86_64