CRAN Package Check Results for Package eechidna

Last updated on 2018-02-23 18:47:30 CET.

Flavor Version Tinstall Tcheck Ttotal Status Flags
r-devel-linux-x86_64-debian-clang 1.1 9.98 115.04 125.02 OK
r-devel-linux-x86_64-debian-gcc 1.1 9.49 91.72 101.21 OK
r-devel-linux-x86_64-fedora-clang 1.1 147.77 NOTE
r-devel-linux-x86_64-fedora-gcc 1.1 147.43 NOTE
r-devel-windows-ix86+x86_64 1.1 24.00 177.00 201.00 NOTE
r-patched-linux-x86_64 1.1 9.07 136.65 145.72 OK
r-patched-solaris-x86 1.1 227.00 NOTE
r-release-linux-x86_64 1.1 11.37 134.20 145.57 OK
r-release-windows-ix86+x86_64 1.1 25.00 200.00 225.00 NOTE
r-release-osx-x86_64 1.1 NOTE
r-oldrel-windows-ix86+x86_64 0.1 17.00 125.00 142.00 WARN
r-oldrel-osx-x86_64 1.1 ERROR

Check Details

Version: 1.1
Check: installed package size
Result: NOTE
     installed size is 6.3Mb
     sub-directories of 1Mb or more:
     data 4.9Mb
     doc 1.2Mb
Flavors: r-devel-linux-x86_64-fedora-clang, r-devel-linux-x86_64-fedora-gcc, r-devel-windows-ix86+x86_64, r-patched-solaris-x86, r-release-windows-ix86+x86_64, r-release-osx-x86_64

Version: 0.1
Check: re-building of vignette outputs
Result: WARN
    Error in re-building vignettes:
     ...
    
    Attaching package: 'scales'
    
    The following object is masked from 'package:purrr':
    
     discard
    
    
    Attaching package: 'gridExtra'
    
    The following object is masked from 'package:dplyr':
    
     combine
    
    
    Attaching package: 'GGally'
    
    The following object is masked from 'package:dplyr':
    
     nasa
    
    Quitting from lines 337-354 (exploring-election-data.Rmd)
    Error: processing vignette 'exploring-election-data.Rmd' failed with diagnostics:
    could not find function "dmap"
    Execution halted
Flavor: r-oldrel-windows-ix86+x86_64

Version: 1.1
Check: whether package can be installed
Result: ERROR
    Installation failed.
Flavor: r-oldrel-osx-x86_64