CRAN Package Check Results for Package eechidna

Last updated on 2019-01-22 02:48:45 CET.

Flavor Version Tinstall Tcheck Ttotal Status Flags
r-devel-linux-x86_64-debian-clang 1.1 11.11 138.86 149.97 WARN
r-devel-linux-x86_64-debian-gcc 1.1 9.96 130.22 140.18 WARN
r-devel-linux-x86_64-fedora-clang 1.1 175.46 WARN
r-devel-linux-x86_64-fedora-gcc 1.1 160.56 WARN
r-devel-windows-ix86+x86_64 1.1 31.00 217.00 248.00 WARN
r-patched-linux-x86_64 1.1 11.55 132.37 143.92 OK
r-patched-solaris-x86 1.1 243.40 NOTE
r-release-linux-x86_64 1.1 10.27 133.75 144.02 OK
r-release-windows-ix86+x86_64 1.1 31.00 206.00 237.00 NOTE
r-release-osx-x86_64 1.1 NOTE
r-oldrel-windows-ix86+x86_64 1.1 29.00 249.00 278.00 NOTE
r-oldrel-osx-x86_64 1.1 NOTE

Check Details

Version: 1.1
Check: re-building of vignette outputs
Result: WARN
    Error(s) in re-building vignettes:
     ...
    --- re-building ‘exploring-census-data.Rmd’ using rmarkdown
    
    Attaching package: 'dplyr'
    
    The following objects are masked from 'package:plyr':
    
     arrange, count, desc, failwith, id, mutate, rename, summarise,
     summarize
    
    The following objects are masked from 'package:stats':
    
     filter, lag
    
    The following objects are masked from 'package:base':
    
     intersect, setdiff, setequal, union
    
    --- finished re-building ‘exploring-census-data.Rmd’
    
    --- re-building ‘exploring-election-data.Rmd’ using rmarkdown
    
    Attaching package: 'dplyr'
    
    The following objects are masked from 'package:plyr':
    
     arrange, count, desc, failwith, id, mutate, rename, summarise,
     summarize
    
    The following objects are masked from 'package:stats':
    
     filter, lag
    
    The following objects are masked from 'package:base':
    
     intersect, setdiff, setequal, union
    
    
    Attaching package: 'purrr'
    
    The following object is masked from 'package:plyr':
    
     compact
    
    
    Attaching package: 'scales'
    
    The following object is masked from 'package:purrr':
    
     discard
    
    
    Attaching package: 'gridExtra'
    
    The following object is masked from 'package:dplyr':
    
     combine
    
    
    Attaching package: 'GGally'
    
    The following object is masked from 'package:dplyr':
    
     nasa
    
    corrplot 0.84 loaded
    Warning: Removed 10 rows containing non-finite values (stat_smooth).
    Warning: Removed 10 rows containing missing values (geom_point).
    Warning in block_exec(params) :
     Failed to tidy R code in chunk 'senate'. Reason:
    Error in loadNamespace(name) : there is no package called 'formatR'
    
    
    Attaching package: 'readr'
    
    The following object is masked from 'package:scales':
    
     col_factor
    
    Parsed with column specification:
    cols(
     StateAb = col_character(),
     GivenNm = col_character(),
     Surname = col_character(),
     PartyNm = col_character(),
     PartyAb = col_character(),
     ElectedOrder = col_double()
    )
    Warning in block_exec(params) :
     Failed to tidy R code in chunk 'bystate'. Reason:
    Error in loadNamespace(name) : there is no package called 'formatR'
    
    --- finished re-building ‘exploring-election-data.Rmd’
    
    --- re-building ‘exploring-election-data2016.Rmd’ using rmarkdown
    
    Attaching package: 'dplyr'
    
    The following objects are masked from 'package:plyr':
    
     arrange, count, desc, failwith, id, mutate, rename, summarise,
     summarize
    
    The following objects are masked from 'package:stats':
    
     filter, lag
    
    The following objects are masked from 'package:base':
    
     intersect, setdiff, setequal, union
    
    
    Attaching package: 'purrr'
    
    The following object is masked from 'package:plyr':
    
     compact
    
    
    Attaching package: 'scales'
    
    The following object is masked from 'package:purrr':
    
     discard
    
    
    Attaching package: 'gridExtra'
    
    The following object is masked from 'package:dplyr':
    
     combine
    
    
    Attaching package: 'GGally'
    
    The following object is masked from 'package:dplyr':
    
     nasa
    
    corrplot 0.84 loaded
    Quitting from lines 337-354 (exploring-election-data2016.Rmd)
    Error: processing vignette 'exploring-election-data2016.Rmd' failed with diagnostics:
    could not find function "dmap"
    --- failed re-building ‘exploring-election-data2016.Rmd’
    
    --- re-building ‘getting-ozShapefiles.Rmd’ using rmarkdown
    --- finished re-building ‘getting-ozShapefiles.Rmd’
    
    --- re-building ‘plotting-electorates.Rmd’ using rmarkdown
    
    Attaching package: 'dplyr'
    
    The following objects are masked from 'package:plyr':
    
     arrange, count, desc, failwith, id, mutate, rename, summarise,
     summarize
    
    The following objects are masked from 'package:stats':
    
     filter, lag
    
    The following objects are masked from 'package:base':
    
     intersect, setdiff, setequal, union
    
    Adding missing grouping variables: `ID`, `CandidateID`, `Surname`, `GivenNm`, `BallotPosition`, `Elected`, `HistoricElected`, `PartyAb`
    Warning in block_exec(params) :
     Failed to tidy R code in chunk 'group'. Reason:
    Error in loadNamespace(name) : there is no package called 'formatR'
    
    Warning in block_exec(params) :
     Failed to tidy R code in chunk 'unnamed-chunk-1'. Reason:
    Error in loadNamespace(name) : there is no package called 'formatR'
    
    Warning: Ignoring unknown aesthetics: order
    Adding missing grouping variables: `ID`, `CandidateID`, `Surname`, `GivenNm`, `BallotPosition`, `Elected`, `HistoricElected`, `PartyAb`
    Warning: Ignoring unknown aesthetics: order
    --- finished re-building ‘plotting-electorates.Rmd’
    
    --- re-building ‘plotting-polling-stns.Rmd’ using rmarkdown
    
    Attaching package: 'dplyr'
    
    The following objects are masked from 'package:plyr':
    
     arrange, count, desc, failwith, id, mutate, rename, summarise,
     summarize
    
    The following objects are masked from 'package:stats':
    
     filter, lag
    
    The following objects are masked from 'package:base':
    
     intersect, setdiff, setequal, union
    
    Parsed with column specification:
    cols(
     State = col_character(),
     DivisionID = col_double(),
     DivisionNm = col_character(),
     PollingPlaceID = col_double(),
     PollingPlaceTypeID = col_double(),
     PollingPlaceNm = col_character(),
     PremisesNm = col_character(),
     PremisesAddress1 = col_character(),
     PremisesAddress2 = col_character(),
     PremisesAddress3 = col_character(),
     PremisesSuburb = col_character(),
     PremisesStateAb = col_character(),
     PremisesPostCode = col_double(),
     Latitude = col_double(),
     Longitude = col_double()
    )
    Warning in block_exec(params) :
     Failed to tidy R code in chunk 'unnamed-chunk-2'. Reason:
    Error in loadNamespace(name) : there is no package called 'formatR'
    
    Warning: Removed 592 rows containing missing values (geom_point).
    Parsed with column specification:
    cols(
     State = col_character(),
     DivisionID = col_double(),
     DivisionNm = col_character(),
     PollingPlaceID = col_double(),
     PollingPlaceTypeID = col_double(),
     PollingPlaceNm = col_character(),
     PremisesNm = col_character(),
     PremisesAddress1 = col_character(),
     PremisesAddress2 = col_character(),
     PremisesAddress3 = col_character(),
     PremisesSuburb = col_character(),
     PremisesStateAb = col_character(),
     PremisesPostCode = col_double(),
     Latitude = col_double(),
     Longitude = col_double()
    )
    Warning in block_exec(params) :
     Failed to tidy R code in chunk 'mapit'. Reason:
    Error in loadNamespace(name) : there is no package called 'formatR'
    
    Warning: Removed 600 rows containing missing values (geom_point).
    Warning: Removed 600 rows containing missing values (geom_point).
    --- finished re-building ‘plotting-polling-stns.Rmd’
    
    SUMMARY: processing the following file failed:
     ‘exploring-election-data2016.Rmd’
    
    Error: Vignette re-building failed.
    Execution halted
Flavors: r-devel-linux-x86_64-debian-clang, r-devel-linux-x86_64-debian-gcc

Version: 1.1
Check: installed package size
Result: NOTE
     installed size is 6.3Mb
     sub-directories of 1Mb or more:
     data 4.9Mb
     doc 1.2Mb
Flavors: r-devel-linux-x86_64-fedora-clang, r-devel-windows-ix86+x86_64, r-patched-solaris-x86, r-release-windows-ix86+x86_64, r-release-osx-x86_64, r-oldrel-windows-ix86+x86_64, r-oldrel-osx-x86_64

Version: 1.1
Check: re-building of vignette outputs
Result: WARN
    Error(s) in re-building vignettes:
    --- re-building ‘exploring-census-data.Rmd’ using rmarkdown
    
    Attaching package: 'dplyr'
    
    The following objects are masked from 'package:plyr':
    
     arrange, count, desc, failwith, id, mutate, rename, summarise,
     summarize
    
    The following objects are masked from 'package:stats':
    
     filter, lag
    
    The following objects are masked from 'package:base':
    
     intersect, setdiff, setequal, union
    
    --- finished re-building ‘exploring-census-data.Rmd’
    
    --- re-building ‘exploring-election-data.Rmd’ using rmarkdown
    
    Attaching package: 'dplyr'
    
    The following objects are masked from 'package:plyr':
    
     arrange, count, desc, failwith, id, mutate, rename, summarise,
     summarize
    
    The following objects are masked from 'package:stats':
    
     filter, lag
    
    The following objects are masked from 'package:base':
    
     intersect, setdiff, setequal, union
    
    
    Attaching package: 'purrr'
    
    The following object is masked from 'package:plyr':
    
     compact
    
    
    Attaching package: 'scales'
    
    The following object is masked from 'package:purrr':
    
     discard
    
    
    Attaching package: 'gridExtra'
    
    The following object is masked from 'package:dplyr':
    
     combine
    
    
    Attaching package: 'GGally'
    
    The following object is masked from 'package:dplyr':
    
     nasa
    
    corrplot 0.84 loaded
    Warning: Removed 10 rows containing non-finite values (stat_smooth).
    Warning: Removed 10 rows containing missing values (geom_point).
    Warning in block_exec(params) :
     Failed to tidy R code in chunk 'senate'. Reason:
    Error in loadNamespace(name) : there is no package called 'formatR'
    
    
    Attaching package: 'readr'
    
    The following object is masked from 'package:scales':
    
     col_factor
    
    Parsed with column specification:
    cols(
     StateAb = col_character(),
     GivenNm = col_character(),
     Surname = col_character(),
     PartyNm = col_character(),
     PartyAb = col_character(),
     ElectedOrder = col_double()
    )
    Warning in block_exec(params) :
     Failed to tidy R code in chunk 'bystate'. Reason:
    Error in loadNamespace(name) : there is no package called 'formatR'
    
    --- finished re-building ‘exploring-election-data.Rmd’
    
    --- re-building ‘exploring-election-data2016.Rmd’ using rmarkdown
    
    Attaching package: 'dplyr'
    
    The following objects are masked from 'package:plyr':
    
     arrange, count, desc, failwith, id, mutate, rename, summarise,
     summarize
    
    The following objects are masked from 'package:stats':
    
     filter, lag
    
    The following objects are masked from 'package:base':
    
     intersect, setdiff, setequal, union
    
    
    Attaching package: 'purrr'
    
    The following object is masked from 'package:plyr':
    
     compact
    
    
    Attaching package: 'scales'
    
    The following object is masked from 'package:purrr':
    
     discard
    
    
    Attaching package: 'gridExtra'
    
    The following object is masked from 'package:dplyr':
    
     combine
    
    
    Attaching package: 'GGally'
    
    The following object is masked from 'package:dplyr':
    
     nasa
    
    corrplot 0.84 loaded
    Quitting from lines 337-354 (exploring-election-data2016.Rmd)
    Error: processing vignette 'exploring-election-data2016.Rmd' failed with diagnostics:
    could not find function "dmap"
    --- failed re-building ‘exploring-election-data2016.Rmd’
    
    --- re-building ‘getting-ozShapefiles.Rmd’ using rmarkdown
    --- finished re-building ‘getting-ozShapefiles.Rmd’
    
    --- re-building ‘plotting-electorates.Rmd’ using rmarkdown
    
    Attaching package: 'dplyr'
    
    The following objects are masked from 'package:plyr':
    
     arrange, count, desc, failwith, id, mutate, rename, summarise,
     summarize
    
    The following objects are masked from 'package:stats':
    
     filter, lag
    
    The following objects are masked from 'package:base':
    
     intersect, setdiff, setequal, union
    
    Adding missing grouping variables: `ID`, `CandidateID`, `Surname`, `GivenNm`, `BallotPosition`, `Elected`, `HistoricElected`, `PartyAb`
    Warning in block_exec(params) :
     Failed to tidy R code in chunk 'group'. Reason:
    Error in loadNamespace(name) : there is no package called 'formatR'
    
    Warning in block_exec(params) :
     Failed to tidy R code in chunk 'unnamed-chunk-1'. Reason:
    Error in loadNamespace(name) : there is no package called 'formatR'
    
    Warning: Ignoring unknown aesthetics: order
    Adding missing grouping variables: `ID`, `CandidateID`, `Surname`, `GivenNm`, `BallotPosition`, `Elected`, `HistoricElected`, `PartyAb`
    Warning: Ignoring unknown aesthetics: order
    --- finished re-building ‘plotting-electorates.Rmd’
    
    --- re-building ‘plotting-polling-stns.Rmd’ using rmarkdown
    
    Attaching package: 'dplyr'
    
    The following objects are masked from 'package:plyr':
    
     arrange, count, desc, failwith, id, mutate, rename, summarise,
     summarize
    
    The following objects are masked from 'package:stats':
    
     filter, lag
    
    The following objects are masked from 'package:base':
    
     intersect, setdiff, setequal, union
    
    Parsed with column specification:
    cols(
     State = col_character(),
     DivisionID = col_double(),
     DivisionNm = col_character(),
     PollingPlaceID = col_double(),
     PollingPlaceTypeID = col_double(),
     PollingPlaceNm = col_character(),
     PremisesNm = col_character(),
     PremisesAddress1 = col_character(),
     PremisesAddress2 = col_character(),
     PremisesAddress3 = col_character(),
     PremisesSuburb = col_character(),
     PremisesStateAb = col_character(),
     PremisesPostCode = col_double(),
     Latitude = col_double(),
     Longitude = col_double()
    )
    Warning in block_exec(params) :
     Failed to tidy R code in chunk 'unnamed-chunk-2'. Reason:
    Error in loadNamespace(name) : there is no package called 'formatR'
    
    Warning: Removed 592 rows containing missing values (geom_point).
    Parsed with column specification:
    cols(
     State = col_character(),
     DivisionID = col_double(),
     DivisionNm = col_character(),
     PollingPlaceID = col_double(),
     PollingPlaceTypeID = col_double(),
     PollingPlaceNm = col_character(),
     PremisesNm = col_character(),
     PremisesAddress1 = col_character(),
     PremisesAddress2 = col_character(),
     PremisesAddress3 = col_character(),
     PremisesSuburb = col_character(),
     PremisesStateAb = col_character(),
     PremisesPostCode = col_double(),
     Latitude = col_double(),
     Longitude = col_double()
    )
    Warning in block_exec(params) :
     Failed to tidy R code in chunk 'mapit'. Reason:
    Error in loadNamespace(name) : there is no package called 'formatR'
    
    Warning: Removed 600 rows containing missing values (geom_point).
    Warning: Removed 600 rows containing missing values (geom_point).
    --- finished re-building ‘plotting-polling-stns.Rmd’
    
    SUMMARY: processing the following file failed:
     ‘exploring-election-data2016.Rmd’
    
    Error: Vignette re-building failed.
    Execution halted
Flavors: r-devel-linux-x86_64-fedora-clang, r-devel-linux-x86_64-fedora-gcc, r-devel-windows-ix86+x86_64