CRAN Package Check Results for Package effectR

Last updated on 2018-10-21 17:54:05 CEST.

Flavor Version Tinstall Tcheck Ttotal Status Flags
r-devel-linux-x86_64-debian-clang 1.0.2 1.86 34.03 35.89 OK
r-devel-linux-x86_64-debian-gcc 1.0.2 1.88 27.67 29.55 OK
r-devel-linux-x86_64-fedora-clang 1.0.2 43.13 NOTE
r-devel-linux-x86_64-fedora-gcc 1.0.2 44.22 NOTE
r-devel-windows-ix86+x86_64 1.0.2 6.00 66.00 72.00 OK
r-patched-linux-x86_64 1.0.2 2.10 30.41 32.51 OK
r-patched-solaris-x86 1.0.2 64.20 NOTE
r-release-linux-x86_64 1.0.2 1.34 30.55 31.89 OK
r-release-windows-ix86+x86_64 1.0.2 7.00 67.00 74.00 OK
r-release-osx-x86_64 1.0.2 NOTE
r-oldrel-windows-ix86+x86_64 1.0.1 5.00 49.00 54.00 OK
r-oldrel-osx-x86_64 1.0.2 ERROR

Check Details

Version: 1.0.2
Check: dependencies in R code
Result: NOTE
    Namespace in Imports field not imported from: ‘rmarkdown’
     All declared Imports should be used.
Flavors: r-devel-linux-x86_64-fedora-clang, r-devel-linux-x86_64-fedora-gcc, r-patched-solaris-x86, r-release-osx-x86_64

Version: 1.0.2
Check: whether package can be installed
Result: ERROR
    Installation failed.
Flavor: r-oldrel-osx-x86_64