CRAN Package Check Results for Package effectR

Last updated on 2019-01-16 15:48:30 CET.

Flavor Version Tinstall Tcheck Ttotal Status Flags
r-devel-linux-x86_64-debian-clang 1.0.2 2.34 32.48 34.82 OK
r-devel-linux-x86_64-debian-gcc 1.0.2 1.79 26.50 28.29 OK
r-devel-linux-x86_64-fedora-clang 1.0.2 42.07 NOTE
r-devel-linux-x86_64-fedora-gcc 1.0.2 39.20 NOTE
r-devel-windows-ix86+x86_64 1.0.2 4.00 46.00 50.00 OK
r-patched-linux-x86_64 1.0.2 2.20 30.44 32.64 OK
r-patched-solaris-x86 1.0.2 66.00 NOTE
r-release-linux-x86_64 1.0.2 1.82 30.40 32.22 OK
r-release-windows-ix86+x86_64 1.0.2 7.00 49.00 56.00 OK
r-release-osx-x86_64 1.0.2 NOTE
r-oldrel-windows-ix86+x86_64 1.0.1 5.00 49.00 54.00 OK
r-oldrel-osx-x86_64 1.0.2 ERROR

Check Details

Version: 1.0.2
Check: dependencies in R code
Result: NOTE
    Namespace in Imports field not imported from: ‘rmarkdown’
     All declared Imports should be used.
Flavors: r-devel-linux-x86_64-fedora-clang, r-devel-linux-x86_64-fedora-gcc, r-patched-solaris-x86, r-release-osx-x86_64

Version: 1.0.2
Check: whether package can be installed
Result: ERROR
    Installation failed.
Flavor: r-oldrel-osx-x86_64