CRAN Package Check Results for Package effects

Last updated on 2018-05-23 15:47:39 CEST.

Flavor Version Tinstall Tcheck Ttotal Status Flags
r-devel-linux-x86_64-debian-clang 4.0-1 8.48 131.20 139.68 OK
r-devel-linux-x86_64-debian-gcc 4.0-1 9.05 101.90 110.95 NOTE
r-devel-linux-x86_64-fedora-clang 4.0-1 178.59 OK
r-devel-linux-x86_64-fedora-gcc 4.0-1 185.48 OK
r-devel-windows-ix86+x86_64 4.0-1 16.00 204.00 220.00 OK
r-patched-linux-x86_64 4.0-1 7.69 115.80 123.49 OK
r-patched-solaris-x86 4.0-1 218.50 OK
r-release-linux-x86_64 4.0-1 10.62 116.46 127.08 OK
r-release-windows-ix86+x86_64 4.0-1 19.00 171.00 190.00 OK
r-release-osx-x86_64 4.0-1 OK
r-oldrel-windows-ix86+x86_64 4.0-1 16.00 188.00 204.00 OK
r-oldrel-osx-x86_64 4.0-1 OK

Check Details

Version: 4.0-1
Check: package dependencies
Result: NOTE
    Packages suggested but not available for checking: ‘heplots’ ‘car’
Flavor: r-devel-linux-x86_64-debian-gcc