CRAN Package Check Results for Package effects

Last updated on 2018-11-17 06:46:39 CET.

Flavor Version Tinstall Tcheck Ttotal Status Flags
r-devel-linux-x86_64-debian-clang 4.0-3 9.35 146.15 155.50 OK
r-devel-linux-x86_64-debian-gcc 4.0-3 8.33 118.62 126.95 OK
r-devel-linux-x86_64-fedora-clang 4.0-3 196.23 OK
r-devel-linux-x86_64-fedora-gcc 4.0-3 160.05 OK
r-devel-windows-ix86+x86_64 4.0-3 18.00 211.00 229.00 OK
r-patched-linux-x86_64 4.0-3 8.47 142.10 150.57 OK
r-patched-solaris-x86 4.0-3 259.00 OK
r-release-linux-x86_64 4.0-3 9.16 141.25 150.41 OK
r-release-windows-ix86+x86_64 4.0-3 19.00 193.00 212.00 OK
r-release-osx-x86_64 4.0-3 OK
r-oldrel-windows-ix86+x86_64 4.0-2 9.00 179.00 188.00 OK
r-oldrel-osx-x86_64 4.0-3 ERROR

Check Details

Version: 4.0-3
Check: whether package can be installed
Result: ERROR
    Installation failed.
Flavor: r-oldrel-osx-x86_64