CRAN Package Check Results for Package ei

Last updated on 2018-07-20 22:50:17 CEST.

Flavor Version Tinstall Tcheck Ttotal Status Flags
r-devel-linux-x86_64-debian-clang 1.3-3 11.61 122.17 133.78 OK
r-devel-linux-x86_64-debian-gcc 1.3-3 8.32 92.02 100.34 OK
r-devel-linux-x86_64-fedora-clang 1.3-3 152.12 OK
r-devel-linux-x86_64-fedora-gcc 1.3-3 150.38 OK
r-devel-windows-ix86+x86_64 1.3-3 13.00 176.00 189.00 OK
r-patched-linux-x86_64 1.3-3 9.69 108.01 117.70 OK
r-patched-solaris-x86 1.3-3 198.10 OK
r-release-linux-x86_64 1.3-3 7.48 109.50 116.98 OK
r-release-windows-ix86+x86_64 1.3-3 21.00 115.00 136.00 OK
r-release-osx-x86_64 1.3-3 OK
r-oldrel-windows-ix86+x86_64 1.3-3 16.00 120.00 136.00 OK
r-oldrel-osx-x86_64 1.3-3 NOTE

Check Details

Version: 1.3-3
Check: re-building of vignette outputs
Result: NOTE
    Error in re-building vignettes:
     ...
    Loading required package: eiPack
    Loading required package: MASS
    Loading required package: coda
    Loading required package: msm
    Error in texi2dvi(file = file, pdf = TRUE, clean = clean, quiet = quiet, :
     Running 'texi2dvi' on 'ei.tex' failed.
    LaTeX errors:
    ! LaTeX Error: File `stmaryrd.sty' not found.
    
    Type X to quit or <RETURN> to proceed,
    or enter new name. (Default extension: sty)
    
    ! Emergency stop.
    <read *>
    
    l.22 \usepackage
     {bbm}^^M
    ! ==> Fatal error occurred, no output PDF file produced!
    Calls: buildVignettes -> texi2pdf -> texi2dvi
    Execution halted
Flavor: r-oldrel-osx-x86_64