CRAN Package Check Results for Package ei

Last updated on 2018-10-20 03:50:15 CEST.

Flavor Version Tinstall Tcheck Ttotal Status Flags
r-devel-linux-x86_64-debian-clang 1.3-3 9.12 121.02 130.14 OK
r-devel-linux-x86_64-debian-gcc 1.3-3 8.55 95.84 104.39 OK
r-devel-linux-x86_64-fedora-clang 1.3-3 157.76 OK
r-devel-linux-x86_64-fedora-gcc 1.3-3 157.26 OK
r-devel-windows-ix86+x86_64 1.3-3 21.00 173.00 194.00 OK
r-patched-linux-x86_64 1.3-3 8.90 108.05 116.95 OK
r-patched-solaris-x86 1.3-3 196.40 OK
r-release-linux-x86_64 1.3-3 11.14 107.49 118.63 OK
r-release-windows-ix86+x86_64 1.3-3 24.00 152.00 176.00 OK
r-release-osx-x86_64 1.3-3 OK
r-oldrel-windows-ix86+x86_64 1.3-3 9.00 157.00 166.00 OK
r-oldrel-osx-x86_64 1.3-3 NOTE

Check Details

Version: 1.3-3
Check: re-building of vignette outputs
Result: NOTE
    Error in re-building vignettes:
     ...
    Loading required package: eiPack
    Loading required package: MASS
    Loading required package: coda
    Loading required package: msm
    Error in texi2dvi(file = file, pdf = TRUE, clean = clean, quiet = quiet, :
     Running 'texi2dvi' on 'ei.tex' failed.
    LaTeX errors:
    ! LaTeX Error: File `stmaryrd.sty' not found.
    
    Type X to quit or <RETURN> to proceed,
    or enter new name. (Default extension: sty)
    
    ! Emergency stop.
    <read *>
    
    l.22 \usepackage
     {bbm}^^M
    ! ==> Fatal error occurred, no output PDF file produced!
    Calls: buildVignettes -> texi2pdf -> texi2dvi
    Execution halted
Flavor: r-oldrel-osx-x86_64