CRAN Package Check Results for Package ei

Last updated on 2018-04-27 04:50:27 CEST.

Flavor Version Tinstall Tcheck Ttotal Status Flags
r-devel-linux-x86_64-debian-clang 1.3-3 9.89 96.63 106.52 OK
r-devel-linux-x86_64-debian-gcc 1.3-3 7.93 82.29 90.22 OK
r-devel-linux-x86_64-fedora-clang 1.3-3 144.22 OK
r-devel-linux-x86_64-fedora-gcc 1.3-3 138.33 OK
r-devel-windows-ix86+x86_64 1.3-3 20.00 161.00 181.00 OK
r-patched-linux-x86_64 1.3-3 8.73 103.91 112.64 OK
r-patched-solaris-x86 1.3-3 194.40 OK
r-release-linux-x86_64 1.3-3 8.84 103.43 112.27 OK
r-release-windows-ix86+x86_64 1.3-3 20.00 161.00 181.00 OK
r-release-osx-x86_64 1.3-3 OK
r-oldrel-windows-ix86+x86_64 1.3-3 10.00 109.00 119.00 OK
r-oldrel-osx-x86_64 1.3-3 NOTE

Check Details

Version: 1.3-3
Check: re-building of vignette outputs
Result: NOTE
    Error in re-building vignettes:
     ...
    Loading required package: eiPack
    Loading required package: MASS
    Loading required package: coda
    Loading required package: msm
    Error in texi2dvi(file = file, pdf = TRUE, clean = clean, quiet = quiet, :
     Running 'texi2dvi' on 'ei.tex' failed.
    LaTeX errors:
    ! LaTeX Error: File `stmaryrd.sty' not found.
    
    Type X to quit or <RETURN> to proceed,
    or enter new name. (Default extension: sty)
    
    ! Emergency stop.
    <read *>
    
    l.22 \usepackage
     {bbm}^^M
    ! ==> Fatal error occurred, no output PDF file produced!
    Calls: buildVignettes -> texi2pdf -> texi2dvi
    Execution halted
Flavor: r-oldrel-osx-x86_64