CRAN Package Check Results for Package ei

Last updated on 2020-02-24 15:47:53 CET.

Flavor Version Tinstall Tcheck Ttotal Status Flags
r-devel-linux-x86_64-debian-clang 1.3-3 14.58 122.78 137.36 OK
r-devel-linux-x86_64-debian-gcc 1.3-3 12.38 90.91 103.29 OK
r-devel-linux-x86_64-fedora-clang 1.3-3 166.64 OK
r-devel-linux-x86_64-fedora-gcc 1.3-3 159.93 OK
r-devel-windows-ix86+x86_64 1.3-3 24.00 123.00 147.00 OK
r-devel-windows-ix86+x86_64-gcc8 1.3-3 45.00 186.00 231.00 OK
r-patched-linux-x86_64 1.3-3 OK
r-patched-solaris-x86 1.3-3 204.10 OK
r-release-linux-x86_64 1.3-3 12.59 107.16 119.75 OK
r-release-windows-ix86+x86_64 1.3-3 19.00 115.00 134.00 OK
r-release-osx-x86_64 1.3-3 FAIL
r-oldrel-windows-ix86+x86_64 1.3-3 16.00 123.00 139.00 OK
r-oldrel-osx-x86_64 1.3-3 OK

Check Details

Version: 1.3-3
Check: dependencies in R code
Result: FAIL
Flavor: r-release-osx-x86_64