CRAN Package Check Results for Package eia

Last updated on 2022-05-18 15:49:01 CEST.

Flavor Version Tinstall Tcheck Ttotal Status Flags
r-devel-linux-x86_64-debian-clang 0.3.7 5.59 62.86 68.45 NOTE
r-devel-linux-x86_64-debian-gcc 0.3.7 4.02 47.27 51.29 NOTE
r-devel-linux-x86_64-fedora-clang 0.3.7 82.45 NOTE
r-devel-linux-x86_64-fedora-gcc 0.3.7 77.51 NOTE
r-devel-windows-x86_64 0.3.7 25.00 96.00 121.00 NOTE
r-patched-linux-x86_64 0.3.7 5.57 59.82 65.39 NOTE
r-release-linux-x86_64 0.3.7 4.44 60.17 64.61 NOTE
r-release-macos-arm64 0.3.7 30.00 NOTE
r-release-macos-x86_64 0.3.7 49.00 NOTE
r-release-windows-x86_64 0.3.7 21.00 91.00 112.00 NOTE
r-oldrel-macos-arm64 0.3.7 33.00 NOTE
r-oldrel-macos-x86_64 0.3.7 39.00 NOTE
r-oldrel-windows-ix86+x86_64 0.3.7 12.00 96.00 108.00 NOTE

Check Details

Version: 0.3.7
Check: LazyData
Result: NOTE
     'LazyData' is specified without a 'data' directory
Flavors: r-devel-linux-x86_64-debian-clang, r-devel-linux-x86_64-debian-gcc, r-devel-linux-x86_64-fedora-clang, r-devel-linux-x86_64-fedora-gcc, r-devel-windows-x86_64, r-patched-linux-x86_64, r-release-linux-x86_64, r-release-macos-arm64, r-release-macos-x86_64, r-release-windows-x86_64, r-oldrel-macos-arm64, r-oldrel-macos-x86_64, r-oldrel-windows-ix86+x86_64