CRAN Package Check Results for Package eicm

Last updated on 2022-09-25 03:54:29 CEST.

Flavor Version Tinstall Tcheck Ttotal Status Flags
r-devel-linux-x86_64-debian-clang 1.0.1 10.14 207.83 217.97 OK
r-devel-linux-x86_64-debian-gcc 1.0.1 7.49 149.56 157.05 OK
r-devel-linux-x86_64-fedora-clang 1.0.1 263.83 NOTE
r-devel-linux-x86_64-fedora-gcc 1.0.1 260.71 NOTE
r-devel-windows-x86_64 1.0.1 56.00 330.00 386.00 OK
r-patched-linux-x86_64 1.0.1 8.87 194.27 203.14 OK
r-release-linux-x86_64 1.0.1 9.85 201.90 211.75 OK
r-release-macos-arm64 1.0.1 82.00 NOTE
r-release-macos-x86_64 1.0.1 128.00 NOTE
r-release-windows-x86_64 1.0.1 39.00 325.00 364.00 OK
r-oldrel-macos-arm64 1.0.1 99.00 NOTE
r-oldrel-macos-x86_64 1.0.1 188.00 NOTE
r-oldrel-windows-ix86+x86_64 1.0.1 27.00 347.00 374.00 OK

Check Details

Version: 1.0.1
Check: dependencies in R code
Result: NOTE
    Namespace in Imports field not imported from: ‘snow’
     All declared Imports should be used.
Flavors: r-devel-linux-x86_64-fedora-clang, r-devel-linux-x86_64-fedora-gcc, r-release-macos-arm64, r-release-macos-x86_64, r-oldrel-macos-arm64, r-oldrel-macos-x86_64