CRAN Package Check Results for Package elaborator

Last updated on 2021-05-16 21:47:37 CEST.

Flavor Version Tinstall Tcheck Ttotal Status Flags
r-devel-linux-x86_64-debian-clang 1.1 13.42 85.26 98.68 NOTE
r-devel-linux-x86_64-debian-gcc 1.1 10.10 64.05 74.15 NOTE
r-devel-linux-x86_64-fedora-clang 1.1 129.15 NOTE
r-devel-linux-x86_64-fedora-gcc 1.1 113.52 NOTE
r-devel-windows-ix86+x86_64 1.1 30.00 104.00 134.00 NOTE
r-devel-windows-x86_64-gcc10-UCRT 1.1 NOTE
r-patched-linux-x86_64 1.1 12.97 78.51 91.48 NOTE
r-patched-solaris-x86 1.1 169.20 NOTE
r-release-linux-x86_64 1.1 12.22 77.72 89.94 OK
r-release-macos-x86_64 1.1 OK
r-release-windows-ix86+x86_64 1.1 19.00 73.00 92.00 OK
r-oldrel-macos-x86_64 1.1 OK
r-oldrel-windows-ix86+x86_64 1.1 16.00 101.00 117.00 OK

Check Details

Version: 1.1
Check: LazyData
Result: NOTE
     'LazyData' is specified without a 'data' directory
Flavors: r-devel-linux-x86_64-debian-clang, r-devel-linux-x86_64-debian-gcc, r-devel-linux-x86_64-fedora-clang, r-devel-linux-x86_64-fedora-gcc, r-devel-windows-ix86+x86_64, r-devel-windows-x86_64-gcc10-UCRT, r-patched-linux-x86_64, r-patched-solaris-x86