CRAN Package Check Results for Package electionsBR

Last updated on 2018-05-23 09:47:07 CEST.

Flavor Version Tinstall Tcheck Ttotal Status Flags
r-devel-linux-x86_64-debian-clang 0.3.0 2.42 35.28 37.70 OK
r-devel-linux-x86_64-debian-gcc 0.3.0 0.33 1.48 1.81 ERROR
r-devel-linux-x86_64-fedora-clang 0.3.0 44.82 OK
r-devel-linux-x86_64-fedora-gcc 0.3.0 45.04 OK
r-devel-windows-ix86+x86_64 0.3.0 5.00 78.00 83.00 OK
r-patched-linux-x86_64 0.3.0 2.00 32.62 34.62 OK
r-patched-solaris-x86 0.3.0 62.40 OK
r-release-linux-x86_64 0.3.0 2.40 32.26 34.66 OK
r-release-windows-ix86+x86_64 0.3.0 7.00 66.00 73.00 OK
r-release-osx-x86_64 0.3.0 OK
r-oldrel-windows-ix86+x86_64 0.3.0 8.00 66.00 74.00 OK
r-oldrel-osx-x86_64 0.3.0 OK

Check Details

Version: 0.3.0
Check: package dependencies
Result: ERROR
    Packages required but not available: ‘dplyr’ ‘haven’
    
    See section ‘The DESCRIPTION file’ in the ‘Writing R Extensions’
    manual.
Flavor: r-devel-linux-x86_64-debian-gcc