CRAN Package Check Results for Package elitism

Last updated on 2022-01-17 00:48:33 CET.

Flavor Version Tinstall Tcheck Ttotal Status Flags
r-devel-linux-x86_64-debian-clang 1.0.4 3.89 35.29 39.18 NOTE
r-devel-linux-x86_64-debian-gcc 1.0.4 2.22 27.59 29.81 NOTE
r-devel-linux-x86_64-fedora-clang 1.0.4 47.98 NOTE
r-devel-linux-x86_64-fedora-gcc 1.0.4 37.77 NOTE
r-devel-windows-x86_64-new-UL 1.0.4 25.00 50.00 75.00 NOTE
r-devel-windows-x86_64-new-TK 1.0.4 NOTE
r-patched-linux-x86_64 1.0.4 2.59 34.40 36.99 NOTE
r-release-linux-x86_64 1.0.4 NOTE
r-release-macos-arm64 1.0.4 NOTE
r-release-macos-x86_64 1.0.4 NOTE
r-release-windows-ix86+x86_64 1.0.4 7.00 40.00 47.00 NOTE
r-oldrel-macos-x86_64 1.0.4 OK
r-oldrel-windows-ix86+x86_64 1.0.4 7.00 41.00 48.00 OK

Check Details

Version: 1.0.4
Check: LazyData
Result: NOTE
     'LazyData' is specified without a 'data' directory
Flavors: r-devel-linux-x86_64-debian-clang, r-devel-linux-x86_64-debian-gcc, r-devel-linux-x86_64-fedora-clang, r-devel-linux-x86_64-fedora-gcc, r-devel-windows-x86_64-new-UL, r-devel-windows-x86_64-new-TK, r-patched-linux-x86_64, r-release-linux-x86_64, r-release-macos-arm64, r-release-macos-x86_64, r-release-windows-ix86+x86_64