CRAN Package Check Results for Package elliptic

Last updated on 2024-07-13 19:53:59 CEST.

Flavor Version Tinstall Tcheck Ttotal Status Flags
r-devel-linux-x86_64-debian-clang 1.4-0 4.61 96.01 100.62 NOTE
r-devel-linux-x86_64-debian-gcc 1.4-0 4.88 70.25 75.13 NOTE
r-devel-linux-x86_64-fedora-clang 1.4-0 130.27 NOTE
r-devel-linux-x86_64-fedora-gcc 1.4-0 134.43 NOTE
r-devel-windows-x86_64 1.4-0 6.00 143.00 149.00 NOTE
r-patched-linux-x86_64 1.4-0 5.45 94.06 99.51 NOTE
r-release-linux-x86_64 1.4-0 5.33 93.11 98.44 NOTE
r-release-macos-arm64 1.4-0 53.00 WARN
r-release-macos-x86_64 1.4-0 84.00 NOTE
r-release-windows-x86_64 1.4-0 6.00 142.00 148.00 NOTE
r-oldrel-macos-arm64 1.4-0 68.00 NOTE
r-oldrel-macos-x86_64 1.4-0 96.00 NOTE
r-oldrel-windows-x86_64 1.4-0 8.00 143.00 151.00 OK

Check Details

Version: 1.4-0
Check: Rd files
Result: NOTE checkRd: (-1) elliptic-package.Rd:92: Lost braces 92 | J. Kotus and M. Urb\'{a}nski 2003. \emph{Hausdorff dimension and Hausdorff | ^ Flavors: r-devel-linux-x86_64-debian-clang, r-devel-linux-x86_64-debian-gcc, r-devel-linux-x86_64-fedora-clang, r-devel-linux-x86_64-fedora-gcc, r-devel-windows-x86_64, r-patched-linux-x86_64, r-release-linux-x86_64, r-release-macos-arm64, r-release-macos-x86_64, r-release-windows-x86_64

Version: 1.4-0
Check: re-building of vignette outputs
Result: WARN Error(s) in re-building vignettes: --- re-building ‘ellipticpaper.Rnw’ using Sweave Attaching package: ‘elliptic’ The following objects are masked from ‘package:stats’: sd, sigma The following object is masked from ‘package:base’: is.primitive Loading required package: emulator Loading required package: mvtnorm Loading required package: calibrator Error: processing vignette 'ellipticpaper.Rnw' failed with diagnostics: Running 'texi2dvi' on 'ellipticpaper.tex' failed. LaTeX errors: !pdfTeX error: pdflatex (file bbm6): Font bbm6 at 600 not found ==> Fatal error occurred, no output PDF file produced! --- failed re-building ‘ellipticpaper.Rnw’ --- re-building ‘residuetheorem.Rnw’ using Sweave Attaching package: ‘elliptic’ The following objects are masked from ‘package:stats’: sd, sigma The following object is masked from ‘package:base’: is.primitive --- finished re-building ‘residuetheorem.Rnw’ SUMMARY: processing the following file failed: ‘ellipticpaper.Rnw’ Error: Vignette re-building failed. Execution halted Flavor: r-release-macos-arm64

Version: 1.4-0
Check: re-building of vignette outputs
Result: NOTE Error(s) in re-building vignettes: --- re-building ‘ellipticpaper.Rnw’ using Sweave Attaching package: ‘elliptic’ The following objects are masked from ‘package:stats’: sd, sigma The following object is masked from ‘package:base’: is.primitive Loading required package: emulator Loading required package: mvtnorm Loading required package: calibrator Error: processing vignette 'ellipticpaper.Rnw' failed with diagnostics: Running 'texi2dvi' on 'ellipticpaper.tex' failed. LaTeX errors: !pdfTeX error: pdflatex (file bbm6): Font bbm6 at 600 not found ==> Fatal error occurred, no output PDF file produced! --- failed re-building ‘ellipticpaper.Rnw’ --- re-building ‘residuetheorem.Rnw’ using Sweave Attaching package: ‘elliptic’ The following objects are masked from ‘package:stats’: sd, sigma The following object is masked from ‘package:base’: is.primitive --- finished re-building ‘residuetheorem.Rnw’ SUMMARY: processing the following file failed: ‘ellipticpaper.Rnw’ Error: Vignette re-building failed. Execution halted Flavor: r-oldrel-macos-arm64

Version: 1.4-0
Check: re-building of vignette outputs
Result: NOTE Error(s) in re-building vignettes: --- re-building ‘ellipticpaper.Rnw’ using Sweave Attaching package: ‘elliptic’ The following objects are masked from ‘package:stats’: sd, sigma The following object is masked from ‘package:base’: is.primitive Loading required package: emulator Loading required package: mvtnorm Loading required package: calibrator Error: processing vignette 'ellipticpaper.Rnw' failed with diagnostics: Running 'texi2dvi' on 'ellipticpaper.tex' failed. LaTeX errors: ! LaTeX Error: File `dsfont.sty' not found. Type X to quit or <RETURN> to proceed, or enter new name. (Default extension: sty) ! Emergency stop. <read *> l.4 \usepackage {bbm}^^M ! ==> Fatal error occurred, no output PDF file produced! --- failed re-building ‘ellipticpaper.Rnw’ --- re-building ‘residuetheorem.Rnw’ using Sweave Attaching package: ‘elliptic’ The following objects are masked from ‘package:stats’: sd, sigma The following object is masked from ‘package:base’: is.primitive Error: processing vignette 'residuetheorem.Rnw' failed with diagnostics: Running 'texi2dvi' on 'residuetheorem.tex' failed. LaTeX errors: ! LaTeX Error: File `dsfont.sty' not found. Type X to quit or <RETURN> to proceed, or enter new name. (Default extension: sty) ! Emergency stop. <read *> l.4 \usepackage {bbm}^^M ! ==> Fatal error occurred, no output PDF file produced! --- failed re-building ‘residuetheorem.Rnw’ SUMMARY: processing the following files failed: ‘ellipticpaper.Rnw’ ‘residuetheorem.Rnw’ Error: Vignette re-building failed. Execution halted Flavor: r-oldrel-macos-x86_64