CRAN Package Check Results for Package ellipticalsymmetry

Last updated on 2024-07-14 04:52:11 CEST.

Flavor Version Tinstall Tcheck Ttotal Status Flags
r-devel-linux-x86_64-debian-clang 0.1.2 4.83 37.04 41.87 OK
r-devel-linux-x86_64-debian-gcc 0.1.2 3.40 27.55 30.95 OK
r-devel-linux-x86_64-fedora-clang 0.1.2 52.03 NOTE
r-devel-linux-x86_64-fedora-gcc 0.1.2 47.56 NOTE
r-devel-windows-x86_64 0.1.2 5.00 51.00 56.00 OK
r-patched-linux-x86_64 0.1.2 4.63 34.53 39.16 OK
r-release-linux-x86_64 0.1.2 3.86 35.11 38.97 OK
r-release-macos-arm64 0.1.2 22.00 OK
r-release-macos-x86_64 0.1.2 29.00 OK
r-release-windows-x86_64 0.1.2 5.00 50.00 55.00 OK
r-oldrel-macos-arm64 0.1.2 22.00 OK
r-oldrel-macos-x86_64 0.1.2 29.00 OK
r-oldrel-windows-x86_64 0.1.2 6.00 54.00 60.00 OK

Check Details

Version: 0.1.2
Check: dependencies in R code
Result: NOTE Namespace in Imports field not imported from: ‘datasets’ All declared Imports should be used. Flavors: r-devel-linux-x86_64-fedora-clang, r-devel-linux-x86_64-fedora-gcc