CRAN Package Check Results for Package elo

Last updated on 2018-05-23 12:48:15 CEST.

Flavor Version Tinstall Tcheck Ttotal Status Flags
r-devel-linux-x86_64-debian-clang 1.0.1 27.68 37.48 65.16 OK
r-devel-linux-x86_64-debian-gcc 1.0.1 0.31 1.48 1.79 ERROR
r-devel-linux-x86_64-fedora-clang 1.0.1 85.32 OK
r-devel-linux-x86_64-fedora-gcc 1.0.1 81.44 OK
r-devel-windows-ix86+x86_64 1.0.1 56.00 119.00 175.00 OK
r-patched-linux-x86_64 1.0.1 26.33 35.08 61.41 NOTE
r-patched-solaris-x86 1.0.1 93.30 OK
r-release-linux-x86_64 1.0.1 23.99 34.71 58.70 NOTE
r-release-windows-ix86+x86_64 1.0.1 65.00 97.00 162.00 OK
r-release-osx-x86_64 1.0.1 OK
r-oldrel-windows-ix86+x86_64 1.0.1 67.00 94.00 161.00 OK
r-oldrel-osx-x86_64 1.0.1 OK

Check Details

Version: 1.0.1
Check: package dependencies
Result: ERROR
    Package required but not available: ‘pROC’
    
    See section ‘The DESCRIPTION file’ in the ‘Writing R Extensions’
    manual.
Flavor: r-devel-linux-x86_64-debian-gcc

Version: 1.0.1
Check: DESCRIPTION meta-information
Result: NOTE
    Dependence on R version ‘3.3.1’ not with patchlevel 0
Flavors: r-patched-linux-x86_64, r-release-linux-x86_64