CRAN Package Check Results for Package elo

Last updated on 2018-11-20 13:46:21 CET.

Flavor Version Tinstall Tcheck Ttotal Status Flags
r-devel-linux-x86_64-debian-clang 1.0.1 28.11 41.52 69.63 OK
r-devel-linux-x86_64-debian-gcc 1.0.1 23.26 32.61 55.87 OK
r-devel-linux-x86_64-fedora-clang 1.0.1 88.76 OK
r-devel-linux-x86_64-fedora-gcc 1.0.1 84.42 OK
r-devel-windows-ix86+x86_64 1.0.1 77.00 115.00 192.00 OK
r-patched-linux-x86_64 1.0.1 31.48 39.06 70.54 NOTE
r-patched-solaris-x86 1.0.1 103.70 OK
r-release-linux-x86_64 1.0.1 28.16 39.24 67.40 NOTE
r-release-windows-ix86+x86_64 1.0.1 53.00 111.00 164.00 OK
r-release-osx-x86_64 1.0.1 OK
r-oldrel-windows-ix86+x86_64 1.0.1 76.00 92.00 168.00 OK
r-oldrel-osx-x86_64 1.0.1 OK

Check Details

Version: 1.0.1
Check: DESCRIPTION meta-information
Result: NOTE
    Dependence on R version ‘3.3.1’ not with patchlevel 0
Flavors: r-patched-linux-x86_64, r-release-linux-x86_64