Last updated on 2021-01-22 01:49:26 CET.
Flavor | Version | Tinstall | Tcheck | Ttotal | Status | Flags |
---|---|---|---|---|---|---|
r-devel-linux-x86_64-debian-clang | 8.0 | 18.03 | 122.25 | 140.28 | OK | |
r-devel-linux-x86_64-debian-gcc | 8.0 | 17.33 | 91.62 | 108.95 | OK | |
r-devel-linux-x86_64-fedora-clang | 8.0 | 178.76 | NOTE | |||
r-devel-linux-x86_64-fedora-gcc | 8.0 | 167.73 | NOTE | |||
r-devel-windows-ix86+x86_64 | 8.0 | 41.00 | 153.00 | 194.00 | OK | |
r-patched-linux-x86_64 | 8.0 | 18.85 | 111.68 | 130.53 | OK | |
r-patched-solaris-x86 | 8.0 | 216.10 | NOTE | |||
r-release-linux-x86_64 | 8.0 | 18.43 | 111.56 | 129.99 | OK | |
r-release-macos-x86_64 | 8.0 | NOTE | ||||
r-release-windows-ix86+x86_64 | 8.0 | 31.00 | 157.00 | 188.00 | OK | |
r-oldrel-macos-x86_64 | 8.0 | ERROR | ||||
r-oldrel-windows-ix86+x86_64 | 7.6 | 34.00 | 130.00 | 164.00 | OK |
Version: 8.0
Check: data for non-ASCII characters
Result: NOTE
Note: found 38 marked UTF-8 strings
Flavors: r-devel-linux-x86_64-fedora-clang, r-devel-linux-x86_64-fedora-gcc, r-patched-solaris-x86, r-release-macos-x86_64
Version: 8.0
Check: whether package can be installed
Result: ERROR
Installation failed.
Flavor: r-oldrel-macos-x86_64