CRAN Package Check Results for Package embryogrowth

Last updated on 2022-09-24 15:55:19 CEST.

Flavor Version Tinstall Tcheck Ttotal Status Flags
r-devel-linux-x86_64-debian-clang 8.7 25.22 155.28 180.50 OK
r-devel-linux-x86_64-debian-gcc 8.7 18.82 114.44 133.26 OK
r-devel-linux-x86_64-fedora-clang 8.7 224.66 NOTE
r-devel-linux-x86_64-fedora-gcc 8.7 231.23 NOTE
r-devel-windows-x86_64 8.7 105.00 206.00 311.00 OK
r-patched-linux-x86_64 8.7 26.05 143.16 169.21 OK
r-release-linux-x86_64 8.7 20.98 145.46 166.44 OK
r-release-macos-arm64 8.7 108.00 NOTE
r-release-macos-x86_64 8.7 137.00 NOTE
r-release-windows-x86_64 8.7 76.00 194.00 270.00 OK
r-oldrel-macos-arm64 8.7 105.00 NOTE
r-oldrel-macos-x86_64 8.7 137.00 NOTE
r-oldrel-windows-ix86+x86_64 8.7 48.00 176.00 224.00 OK

Check Details

Version: 8.7
Check: data for non-ASCII characters
Result: NOTE
     Note: found 155 marked UTF-8 strings
Flavors: r-devel-linux-x86_64-fedora-clang, r-devel-linux-x86_64-fedora-gcc, r-release-macos-arm64, r-release-macos-x86_64, r-oldrel-macos-arm64, r-oldrel-macos-x86_64