CRAN Package Check Results for Package emil

Last updated on 2018-05-26 17:50:18 CEST.

Flavor Version Tinstall Tcheck Ttotal Status Flags
r-devel-linux-x86_64-debian-clang 2.2.8 16.33 96.11 112.44 OK
r-devel-linux-x86_64-debian-gcc 2.2.8 15.39 74.93 90.32 OK
r-devel-linux-x86_64-fedora-clang 2.2.8 145.73 NOTE
r-devel-linux-x86_64-fedora-gcc 2.2.8 140.47 NOTE
r-devel-windows-ix86+x86_64 2.2.8 30.00 165.00 195.00 OK
r-patched-linux-x86_64 2.2.8 17.02 87.73 104.75 OK
r-patched-solaris-x86 2.2.8 169.50 NOTE
r-release-linux-x86_64 2.2.8 19.34 87.23 106.57 OK
r-release-windows-ix86+x86_64 2.2.8 52.00 207.00 259.00 OK
r-release-osx-x86_64 2.2.8 NOTE
r-oldrel-windows-ix86+x86_64 2.2.8 48.00 170.00 218.00 OK
r-oldrel-osx-x86_64 2.2.8 WARN

Check Details

Version: 2.2.8
Check: dependencies in R code
Result: NOTE
    Namespace in Imports field not imported from: ‘Rcpp’
     All declared Imports should be used.
Flavors: r-devel-linux-x86_64-fedora-clang, r-devel-linux-x86_64-fedora-gcc, r-patched-solaris-x86, r-release-osx-x86_64, r-oldrel-osx-x86_64

Version: 2.2.8
Check: whether package can be installed
Result: WARN
    Found the following significant warnings:
     Warning: Installed Rcpp (0.12.12) different from Rcpp used to build dplyr (0.12.11).
Flavor: r-oldrel-osx-x86_64