CRAN Package Check Results for Package emmeans

Last updated on 2018-05-26 17:50:18 CEST.

Flavor Version Tinstall Tcheck Ttotal Status Flags
r-devel-linux-x86_64-debian-clang 1.2.1 12.33 145.70 158.03 NOTE
r-devel-linux-x86_64-debian-gcc 1.2.1 9.98 111.52 121.50 NOTE
r-devel-linux-x86_64-fedora-clang 1.2.1 202.67 NOTE
r-devel-linux-x86_64-fedora-gcc 1.2.1 190.76 NOTE
r-devel-windows-ix86+x86_64 1.2.1 20.00 153.00 173.00 NOTE
r-patched-linux-x86_64 1.2.1 11.02 132.51 143.53 NOTE
r-patched-solaris-x86 1.2.1 230.60 NOTE
r-release-linux-x86_64 1.2.1 14.09 134.36 148.45 NOTE
r-release-windows-ix86+x86_64 1.2.1 17.00 140.00 157.00 NOTE
r-release-osx-x86_64 1.2.1 NOTE
r-oldrel-windows-ix86+x86_64 1.2.1 26.00 224.00 250.00 OK
r-oldrel-osx-x86_64 1.1.3 NOTE

Check Details

Version: 1.2.1
Check: package dependencies
Result: NOTE
    Package which this enhances but not available for checking: ‘glmmADMB’
Flavors: r-devel-linux-x86_64-debian-clang, r-devel-linux-x86_64-debian-gcc, r-devel-linux-x86_64-fedora-clang, r-devel-linux-x86_64-fedora-gcc, r-devel-windows-ix86+x86_64, r-patched-linux-x86_64, r-patched-solaris-x86, r-release-linux-x86_64, r-release-windows-ix86+x86_64, r-release-osx-x86_64

Version: 1.1.3
Check: package dependencies
Result: NOTE
    Package which this enhances but not available for checking: ‘glmmADMB’
Flavor: r-oldrel-osx-x86_64