CRAN Package Check Results for Package emmeans

Last updated on 2018-08-19 20:50:07 CEST.

Flavor Version Tinstall Tcheck Ttotal Status Flags
r-devel-linux-x86_64-debian-clang 1.2.3 7.60 140.60 148.20 NOTE
r-devel-linux-x86_64-debian-gcc 1.2.3 7.32 109.21 116.53 NOTE
r-devel-linux-x86_64-fedora-clang 1.2.3 181.52 NOTE
r-devel-linux-x86_64-fedora-gcc 1.2.3 177.89 NOTE
r-devel-windows-ix86+x86_64 1.2.3 22.00 204.00 226.00 NOTE
r-patched-linux-x86_64 1.2.3 7.64 128.11 135.75 NOTE
r-patched-solaris-x86 1.2.3 217.40 NOTE
r-release-linux-x86_64 1.2.3 6.48 128.79 135.27 NOTE
r-release-windows-ix86+x86_64 1.2.3 19.00 185.00 204.00 NOTE
r-release-osx-x86_64 1.2.3 NOTE
r-oldrel-windows-ix86+x86_64 1.2.3 14.00 161.00 175.00 OK
r-oldrel-osx-x86_64 1.2.3 NOTE

Check Details

Version: 1.2.3
Check: package dependencies
Result: NOTE
    Package which this enhances but not available for checking: ‘glmmADMB’
Flavors: r-devel-linux-x86_64-debian-clang, r-devel-linux-x86_64-debian-gcc, r-devel-linux-x86_64-fedora-clang, r-devel-linux-x86_64-fedora-gcc, r-devel-windows-ix86+x86_64, r-patched-linux-x86_64, r-patched-solaris-x86, r-release-linux-x86_64, r-release-windows-ix86+x86_64, r-release-osx-x86_64, r-oldrel-osx-x86_64