CRAN Package Check Results for Package emmeans

Last updated on 2019-02-19 22:51:26 CET.

Flavor Version Tinstall Tcheck Ttotal Status Flags
r-devel-linux-x86_64-debian-clang 1.3.2 9.61 173.20 182.81 OK
r-devel-linux-x86_64-debian-gcc 1.3.2 7.72 130.28 138.00 OK
r-devel-linux-x86_64-fedora-clang 1.3.2 213.21 OK
r-devel-linux-x86_64-fedora-gcc 1.3.2 204.88 OK
r-devel-windows-ix86+x86_64 1.3.2 18.00 243.00 261.00 WARN
r-patched-linux-x86_64 1.3.2 8.51 132.97 141.48 OK
r-patched-solaris-x86 1.3.2 219.20 OK
r-release-linux-x86_64 1.3.2 7.48 132.10 139.58 OK
r-release-windows-ix86+x86_64 1.3.2 40.00 207.00 247.00 OK
r-release-osx-x86_64 1.3.2 OK
r-oldrel-windows-ix86+x86_64 1.3.2 19.00 174.00 193.00 OK
r-oldrel-osx-x86_64 1.3.2 OK

Check Details

Version: 1.3.2
Check: whether package can be installed
Result: WARN
    Found the following significant warnings:
     Warning: S3 methods 'print.sparseSummary', 'print.diagSummary', 'c.abIndex', 'c.sparseVector', 'as.array.Matrix', 'as.array.sparseVector', 'as.matrix.Matrix', 'as.matrix.sparseVector', 'as.vector.Matrix', 'as.vector.sparseVector' were declared in NAMESPACE but not found
Flavor: r-devel-windows-ix86+x86_64