CRAN Package Check Results for Package emojifont

Last updated on 2018-05-24 07:47:14 CEST.

Flavor Version Tinstall Tcheck Ttotal Status Flags
r-devel-linux-x86_64-debian-clang 0.5.1 2.67 37.56 40.23 OK
r-devel-linux-x86_64-debian-gcc 0.5.1 2.31 32.43 34.74 OK
r-devel-linux-x86_64-fedora-clang 0.5.1 51.26 NOTE
r-devel-linux-x86_64-fedora-gcc 0.5.1 54.40 NOTE
r-devel-windows-ix86+x86_64 0.5.1 8.00 56.00 64.00 NOTE
r-patched-linux-x86_64 0.5.1 2.75 37.70 40.45 OK
r-patched-solaris-x86 0.5.1 73.70 NOTE
r-release-linux-x86_64 0.5.1 2.97 37.38 40.35 OK
r-release-windows-ix86+x86_64 0.5.1 8.00 73.00 81.00 NOTE
r-release-osx-x86_64 0.5.1 NOTE
r-oldrel-windows-ix86+x86_64 0.5.1 10.00 79.00 89.00 NOTE
r-oldrel-osx-x86_64 0.5.1 WARN

Check Details

Version: 0.5.1
Check: installed package size
Result: NOTE
     installed size is 7.6Mb
     sub-directories of 1Mb or more:
     emoji_fonts 6.5Mb
Flavors: r-devel-linux-x86_64-fedora-clang, r-devel-linux-x86_64-fedora-gcc, r-devel-windows-ix86+x86_64, r-patched-solaris-x86, r-release-windows-ix86+x86_64, r-release-osx-x86_64, r-oldrel-windows-ix86+x86_64, r-oldrel-osx-x86_64

Version: 0.5.1
Check: package dependencies
Result: NOTE
    Package suggested but not available for checking: ‘ggtree’
Flavor: r-oldrel-osx-x86_64

Version: 0.5.1
Check: re-building of vignette outputs
Result: WARN
    Error in re-building vignettes:
     ...
    Warning in engine$weave(file, quiet = quiet, encoding = enc) :
     Pandoc (>= 1.12.3) and/or pandoc-citeproc not available. Falling back to R Markdown v1.
    'showtext.begin()' is now renamed to 'showtext_begin()'
    The old version still works, but consider using the new function in future code
    Warning in engine$weave(file, quiet = quiet, encoding = enc) :
     Pandoc (>= 1.12.3) and/or pandoc-citeproc not available. Falling back to R Markdown v1.
    Quitting from lines 46-54 (phylomoji.Rmd)
    Error: processing vignette 'phylomoji.Rmd' failed with diagnostics:
    there is no package called 'ggtree'
    Execution halted
Flavor: r-oldrel-osx-x86_64