CRAN Package Check Results for Package emojifont

Last updated on 2018-11-15 15:48:22 CET.

Flavor Version Tinstall Tcheck Ttotal Status Flags
r-devel-linux-x86_64-debian-clang 0.5.2 3.42 42.47 45.89 OK
r-devel-linux-x86_64-debian-gcc 0.5.2 2.76 33.33 36.09 OK
r-devel-linux-x86_64-fedora-clang 0.5.2 52.30 NOTE
r-devel-linux-x86_64-fedora-gcc 0.5.2 50.83 OK
r-devel-windows-ix86+x86_64 0.5.2 8.00 58.00 66.00 NOTE
r-patched-linux-x86_64 0.5.2 2.85 36.69 39.54 OK
r-patched-solaris-x86 0.5.2 73.10 NOTE
r-release-linux-x86_64 0.5.2 2.86 37.04 39.90 OK
r-release-windows-ix86+x86_64 0.5.2 12.00 54.00 66.00 NOTE
r-release-osx-x86_64 0.5.2 NOTE
r-oldrel-windows-ix86+x86_64 0.5.2 14.00 82.00 96.00 NOTE
r-oldrel-osx-x86_64 0.5.2 NOTE

Check Details

Version: 0.5.2
Check: installed package size
Result: NOTE
     installed size is 7.1Mb
     sub-directories of 1Mb or more:
     emoji_fonts 6.5Mb
Flavors: r-devel-linux-x86_64-fedora-clang, r-devel-windows-ix86+x86_64, r-patched-solaris-x86, r-release-windows-ix86+x86_64, r-release-osx-x86_64, r-oldrel-windows-ix86+x86_64, r-oldrel-osx-x86_64