CRAN Package Check Results for Package emojifont

Last updated on 2018-02-25 17:48:45 CET.

Flavor Version Tinstall Tcheck Ttotal Status Flags
r-devel-linux-x86_64-debian-clang 0.5.1 2.18 39.42 41.60 OK
r-devel-linux-x86_64-debian-gcc 0.5.1 2.37 30.08 32.45 OK
r-devel-linux-x86_64-fedora-clang 0.5.1 42.09 WARN
r-devel-linux-x86_64-fedora-gcc 0.5.1 41.14 WARN
r-devel-windows-ix86+x86_64 0.5.1 7.00 72.00 79.00 WARN
r-patched-linux-x86_64 0.5.1 2.09 45.70 47.79 OK
r-patched-solaris-x86 0.5.1 74.40 NOTE
r-release-linux-x86_64 0.5.1 3.04 47.46 50.50 OK
r-release-windows-ix86+x86_64 0.5.1 8.00 75.00 83.00 NOTE
r-release-osx-x86_64 0.5.1 WARN
r-oldrel-windows-ix86+x86_64 0.5.1 6.00 50.00 56.00 WARN
r-oldrel-osx-x86_64 0.5.1 WARN

Check Details

Version: 0.5.1
Check: package dependencies
Result: NOTE
    Package suggested but not available for checking: ‘ggtree’
Flavors: r-devel-linux-x86_64-fedora-clang, r-devel-linux-x86_64-fedora-gcc, r-release-osx-x86_64

Version: 0.5.1
Check: installed package size
Result: NOTE
     installed size is 7.6Mb
     sub-directories of 1Mb or more:
     emoji_fonts 6.5Mb
Flavors: r-devel-linux-x86_64-fedora-clang, r-devel-linux-x86_64-fedora-gcc, r-devel-windows-ix86+x86_64, r-patched-solaris-x86, r-release-windows-ix86+x86_64, r-release-osx-x86_64, r-oldrel-windows-ix86+x86_64, r-oldrel-osx-x86_64

Version: 0.5.1
Check: re-building of vignette outputs
Result: WARN
    Error in re-building vignettes:
     ...
    Quitting from lines 46-54 (phylomoji.Rmd)
    Error: processing vignette 'phylomoji.Rmd' failed with diagnostics:
    there is no package called 'ggtree'
    Execution halted
Flavors: r-devel-linux-x86_64-fedora-clang, r-devel-linux-x86_64-fedora-gcc

Version: 0.5.1
Check: re-building of vignette outputs
Result: WARN
    Error in re-building vignettes:
     ...
    Quitting from lines 46-54 (phylomoji.Rmd)
    Error: processing vignette 'phylomoji.Rmd' failed with diagnostics:
    package or namespace load failed for 'ggtree':
     object 'read.fasta' is not exported by 'namespace:treeio'
    Execution halted
Flavor: r-devel-windows-ix86+x86_64

Version: 0.5.1
Check: re-building of vignette outputs
Result: WARN
    Error in re-building vignettes:
     ...
    Warning in engine$weave(file, quiet = quiet, encoding = enc) :
     Pandoc (>= 1.12.3) and/or pandoc-citeproc not available. Falling back to R Markdown v1.
    'showtext.begin()' is now renamed to 'showtext_begin()'
    The old version still works, but consider using the new function in future code
    Warning in engine$weave(file, quiet = quiet, encoding = enc) :
     Pandoc (>= 1.12.3) and/or pandoc-citeproc not available. Falling back to R Markdown v1.
    Quitting from lines 46-54 (phylomoji.Rmd)
    Error: processing vignette 'phylomoji.Rmd' failed with diagnostics:
    there is no package called 'ggtree'
    Execution halted
Flavor: r-release-osx-x86_64

Version: 0.5.1
Check: re-building of vignette outputs
Result: WARN
    Error in re-building vignettes:
     ...
    ggtree v1.6.11 For help: https://guangchuangyu.github.io/ggtree
    
    If you use ggtree in published research, please cite:
    Guangchuang Yu, David Smith, Huachen Zhu, Yi Guan, Tommy Tsan-Yuk Lam. ggtree: an R package for visualization and annotation of phylogenetic trees with their covariates and other associated data. Methods in Ecology and Evolution 2017, 8(1):28-36, doi:10.1111/2041-210X.12628
    Quitting from lines 46-54 (phylomoji.Rmd)
    Error: processing vignette 'phylomoji.Rmd' failed with diagnostics:
    argument is not interpretable as logical
    Execution halted
Flavor: r-oldrel-windows-ix86+x86_64

Version: 0.5.1
Check: re-building of vignette outputs
Result: WARN
    Error in re-building vignettes:
     ...
    Warning in engine$weave(file, quiet = quiet, encoding = enc) :
     Pandoc (>= 1.12.3) and/or pandoc-citeproc not available. Falling back to R Markdown v1.
    'showtext.begin()' is now renamed to 'showtext_begin()'
    The old version still works, but consider using the new function in future code
    Warning in engine$weave(file, quiet = quiet, encoding = enc) :
     Pandoc (>= 1.12.3) and/or pandoc-citeproc not available. Falling back to R Markdown v1.
    Quitting from lines 46-54 (phylomoji.Rmd)
    Error: processing vignette 'phylomoji.Rmd' failed with diagnostics:
    object 'clado.build' not found
    Execution halted
Flavor: r-oldrel-osx-x86_64