CRAN Package Check Results for Package emojifont

Last updated on 2018-08-20 07:47:37 CEST.

Flavor Version Tinstall Tcheck Ttotal Status Flags
r-devel-linux-x86_64-debian-clang 0.5.2 2.80 41.26 44.06 OK
r-devel-linux-x86_64-debian-gcc 0.5.2 2.48 32.70 35.18 OK
r-devel-linux-x86_64-fedora-clang 0.5.2 52.78 NOTE
r-devel-linux-x86_64-fedora-gcc 0.5.2 51.92 OK
r-devel-windows-ix86+x86_64 0.5.2 10.00 78.00 88.00 NOTE
r-patched-linux-x86_64 0.5.2 2.78 36.42 39.20 OK
r-patched-solaris-x86 0.5.2 73.30 NOTE
r-release-linux-x86_64 0.5.2 2.86 36.42 39.28 OK
r-release-windows-ix86+x86_64 0.5.2 10.00 75.00 85.00 NOTE
r-release-osx-x86_64 0.5.2 NOTE
r-oldrel-windows-ix86+x86_64 0.5.2 8.00 92.00 100.00 NOTE
r-oldrel-osx-x86_64 0.5.2 NOTE

Check Details

Version: 0.5.2
Check: installed package size
Result: NOTE
     installed size is 7.1Mb
     sub-directories of 1Mb or more:
     emoji_fonts 6.5Mb
Flavors: r-devel-linux-x86_64-fedora-clang, r-devel-windows-ix86+x86_64, r-patched-solaris-x86, r-release-windows-ix86+x86_64, r-release-osx-x86_64, r-oldrel-windows-ix86+x86_64, r-oldrel-osx-x86_64