CRAN Package Check Results for Package emplik

Last updated on 2018-06-18 00:49:08 CEST.

Flavor Version Tinstall Tcheck Ttotal Status Flags
r-devel-linux-x86_64-debian-clang 1.0-3 8.32 78.89 87.21 NOTE
r-devel-linux-x86_64-debian-gcc 1.0-3 7.21 68.12 75.33 NOTE
r-devel-linux-x86_64-fedora-clang 1.0-3 112.06 NOTE
r-devel-linux-x86_64-fedora-gcc 1.0-3 107.38 NOTE
r-devel-windows-ix86+x86_64 1.0-3 20.00 126.00 146.00 OK
r-patched-linux-x86_64 1.0-3 8.07 76.67 84.74 NOTE
r-patched-solaris-x86 1.0-3 136.60 OK
r-release-linux-x86_64 1.0-3 7.98 75.67 83.65 NOTE
r-release-windows-ix86+x86_64 1.0-3 20.00 144.00 164.00 OK
r-release-osx-x86_64 1.0-3 OK
r-oldrel-windows-ix86+x86_64 1.0-3 10.00 118.00 128.00 OK
r-oldrel-osx-x86_64 1.0-3 OK

Check Details

Version: 1.0-3
Check: compiled code
Result: NOTE
    File ‘emplik/libs/emplik.so’:
     Found no calls to: ‘R_registerRoutines’, ‘R_useDynamicSymbols’
    
    It is good practice to register native routines and to disable symbol
    search.
    
    See ‘Writing portable packages’ in the ‘Writing R Extensions’ manual.
Flavors: r-devel-linux-x86_64-debian-clang, r-devel-linux-x86_64-debian-gcc, r-devel-linux-x86_64-fedora-clang, r-devel-linux-x86_64-fedora-gcc, r-patched-linux-x86_64, r-release-linux-x86_64