CRAN Package Check Results for Package emplik

Last updated on 2018-12-17 15:49:10 CET.

Flavor Version Tinstall Tcheck Ttotal Status Flags
r-devel-linux-x86_64-debian-clang 1.0-4.3 8.23 3.27 11.50 ERROR
r-devel-linux-x86_64-debian-gcc 1.0-4.3 6.18 1.97 8.15 ERROR
r-devel-linux-x86_64-fedora-clang 1.0-4.3 104.44 OK
r-devel-linux-x86_64-fedora-gcc 1.0-4.3 100.48 OK
r-devel-windows-ix86+x86_64 1.0-4.3 21.00 144.00 165.00 OK
r-patched-linux-x86_64 1.0-4.3 8.43 2.14 10.57 ERROR
r-patched-solaris-x86 1.0-4.3 136.60 OK
r-release-linux-x86_64 1.0-4.3 7.84 77.74 85.58 OK
r-release-windows-ix86+x86_64 1.0-4.3 23.00 103.00 126.00 OK
r-release-osx-x86_64 1.0-4.3 OK
r-oldrel-windows-ix86+x86_64 1.0-4.3 16.00 151.00 167.00 OK
r-oldrel-osx-x86_64 1.0-4.3 OK

Check Details

Version: 1.0-4.3
Check: whether the package can be loaded
Result: ERROR
    Loading this package had a fatal error status code 1
    Loading log:
    Error: package or namespace load failed for ‘emplik’ in dyn.load(file, DLLpath = DLLpath, ...):
     unable to load shared object ‘/home/hornik/tmp/R.check/r-devel-clang/Work/build/Packages/lattice/libs/lattice.so’:
     /home/hornik/tmp/R.check/r-devel-clang/Work/build/Packages/lattice/libs/lattice.so: failed to map segment from shared object
    Execution halted
Flavor: r-devel-linux-x86_64-debian-clang

Version: 1.0-4.3
Check: whether the package can be loaded
Result: ERROR
    Loading this package had a fatal error status code 1
    Loading log:
    Error: package or namespace load failed for ‘emplik’ in dyn.load(file, DLLpath = DLLpath, ...):
     unable to load shared object ‘/home/hornik/tmp/R.check/r-devel-gcc/Work/build/Packages/lattice/libs/lattice.so’:
     /home/hornik/tmp/R.check/r-devel-gcc/Work/build/Packages/lattice/libs/lattice.so: failed to map segment from shared object
    Execution halted
Flavor: r-devel-linux-x86_64-debian-gcc

Version: 1.0-4.3
Check: whether the package can be loaded
Result: ERROR
    Loading this package had a fatal error status code 1
    Loading log:
    Error: package or namespace load failed for ‘emplik’ in dyn.load(file, DLLpath = DLLpath, ...):
     unable to load shared object ‘/home/hornik/tmp/R.check/r-patched-gcc/Work/build/Packages/lattice/libs/lattice.so’:
     /home/hornik/tmp/R.check/r-patched-gcc/Work/build/Packages/lattice/libs/lattice.so: failed to map segment from shared object
    Execution halted
Flavor: r-patched-linux-x86_64