CRAN Package Check Results for Package emplik

Last updated on 2018-01-18 11:49:50 CET.

Flavor Version Tinstall Tcheck Ttotal Status Flags
r-devel-linux-x86_64-debian-clang 1.0-3 4.64 66.18 70.82 NOTE
r-devel-linux-x86_64-debian-gcc 1.0-3 4.10 57.58 61.68 NOTE
r-devel-linux-x86_64-fedora-clang 1.0-3 102.65 NOTE
r-devel-linux-x86_64-fedora-gcc 1.0-3 95.66 NOTE
r-devel-windows-ix86+x86_64 1.0-3 14.00 110.00 124.00 OK
r-patched-linux-x86_64 1.0-3 4.23 78.24 82.47 NOTE
r-patched-solaris-x86 1.0-3 151.60 OK
r-release-linux-x86_64 1.0-3 4.48 77.64 82.12 NOTE
r-release-windows-ix86+x86_64 1.0-3 10.00 144.00 154.00 OK
r-release-osx-x86_64 1.0-3 OK
r-oldrel-windows-ix86+x86_64 1.0-3 13.00 99.00 112.00 OK
r-oldrel-osx-x86_64 1.0-3 OK

Check Details

Version: 1.0-3
Check: compiled code
Result: NOTE
    File ‘emplik/libs/emplik.so’:
     Found no calls to: ‘R_registerRoutines’, ‘R_useDynamicSymbols’
    
    It is good practice to register native routines and to disable symbol
    search.
    
    See ‘Writing portable packages’ in the ‘Writing R Extensions’ manual.
Flavors: r-devel-linux-x86_64-debian-clang, r-devel-linux-x86_64-debian-gcc, r-devel-linux-x86_64-fedora-clang, r-devel-linux-x86_64-fedora-gcc, r-patched-linux-x86_64, r-release-linux-x86_64