CRAN Package Check Results for Package emuR

Last updated on 2019-02-20 13:46:24 CET.

Flavor Version Tinstall Tcheck Ttotal Status Flags
r-devel-linux-x86_64-debian-clang 1.1.2 19.48 268.23 287.71 OK
r-devel-linux-x86_64-debian-gcc 1.1.2 14.04 199.98 214.02 OK
r-devel-linux-x86_64-fedora-clang 1.1.2 327.51 NOTE
r-devel-linux-x86_64-fedora-gcc 1.1.2 319.20 NOTE
r-devel-windows-ix86+x86_64 1.1.2 40.00 364.00 404.00 OK
r-patched-linux-x86_64 1.1.2 OK
r-patched-solaris-x86 1.1.2 396.30 NOTE
r-release-linux-x86_64 1.1.2 OK
r-release-windows-ix86+x86_64 1.1.2 26.00 358.00 384.00 OK
r-release-osx-x86_64 1.1.2 NOTE
r-oldrel-windows-ix86+x86_64 1.1.2 13.00 287.00 300.00 OK
r-oldrel-osx-x86_64 1.1.2 NOTE

Check Details

Version: 1.1.2
Check: dependencies in R code
Result: NOTE
    Namespaces in Imports field not imported from:
     ‘git2r’ ‘servr’
     All declared Imports should be used.
Flavors: r-devel-linux-x86_64-fedora-clang, r-devel-linux-x86_64-fedora-gcc, r-patched-solaris-x86, r-release-osx-x86_64, r-oldrel-osx-x86_64

Version: 1.1.2
Check: installed package size
Result: NOTE
     installed size is 5.3Mb
     sub-directories of 1Mb or more:
     doc 1.4Mb
     extdata 1.5Mb
Flavor: r-patched-solaris-x86