CRAN Package Check Results for Package emuR

Last updated on 2018-02-22 12:48:57 CET.

Flavor Version Tinstall Tcheck Ttotal Status Flags
r-devel-linux-x86_64-debian-clang 0.2.3 16.00 295.72 311.72 OK
r-devel-linux-x86_64-debian-gcc 0.2.3 12.35 252.45 264.80 OK
r-devel-linux-x86_64-fedora-clang 0.2.3 394.06 OK
r-devel-linux-x86_64-fedora-gcc 0.2.3 505.23 OK
r-devel-windows-ix86+x86_64 0.2.3 35.00 358.00 393.00 ERROR
r-patched-linux-x86_64 0.2.3 4.37 349.18 353.55 OK
r-patched-solaris-x86 0.2.3 546.40 OK
r-release-linux-x86_64 0.2.3 5.18 339.73 344.91 OK
r-release-windows-ix86+x86_64 0.2.3 25.00 588.00 613.00 OK
r-release-osx-x86_64 0.2.3 OK
r-oldrel-windows-ix86+x86_64 0.2.3 11.00 355.00 366.00 OK
r-oldrel-osx-x86_64 0.2.3 OK

Check Details

Version: 0.2.3
Check: tests
Result: ERROR
     Running 'testthat.R' [185s]
    Running the tests in 'tests/testthat.R' failed.
    Last 13 lines of output:
     11: initialize(value, ...)
     12: rsqlite_send_query(conn@ptr, statement)
    
     Read 16 items
     Read 12 records
     Read 24 items
     Read 20 records
     == testthat results ===========================================================
     OK: 751 SKIPPED: 42 FAILED: 1
     1. Error: rename works correctly (@test_emuR-database.R#447)
    
     Error: testthat unit tests failed
     In addition: Warning message:
     call dbDisconnect() when finished working with a connection
     Execution halted
Flavor: r-devel-windows-ix86+x86_64