CRAN Package Check Results for Package emuR

Last updated on 2018-11-20 19:47:41 CET.

Flavor Version Tinstall Tcheck Ttotal Status Flags
r-devel-linux-x86_64-debian-clang 1.1.1 17.42 258.86 276.28 OK
r-devel-linux-x86_64-debian-gcc 1.1.1 14.97 197.91 212.88 OK
r-devel-linux-x86_64-fedora-clang 1.1.1 318.51 OK
r-devel-linux-x86_64-fedora-gcc 1.1.1 310.85 OK
r-devel-windows-ix86+x86_64 1.1.1 41.00 372.00 413.00 OK
r-patched-linux-x86_64 1.1.1 16.52 256.00 272.52 OK
r-patched-solaris-x86 1.1.1 356.10 NOTE
r-release-linux-x86_64 1.1.1 14.00 257.66 271.66 OK
r-release-windows-ix86+x86_64 1.1.1 27.00 361.00 388.00 OK
r-release-osx-x86_64 1.1.1 OK
r-oldrel-windows-ix86+x86_64 1.1.1 13.00 340.00 353.00 OK
r-oldrel-osx-x86_64 1.1.1 OK

Check Details

Version: 1.1.1
Check: installed package size
Result: NOTE
     installed size is 5.3Mb
     sub-directories of 1Mb or more:
     doc 1.4Mb
     extdata 1.5Mb
Flavor: r-patched-solaris-x86