CRAN Package Check Results for Package encryptr

Last updated on 2022-07-05 00:52:13 CEST.

Flavor Version Tinstall Tcheck Ttotal Status Flags
r-devel-linux-x86_64-debian-clang 0.1.3 5.43 66.40 71.83 NOTE
r-devel-linux-x86_64-debian-gcc 0.1.3 3.05 49.56 52.61 NOTE
r-devel-linux-x86_64-fedora-clang 0.1.3 84.45 NOTE
r-devel-linux-x86_64-fedora-gcc 0.1.3 83.64 NOTE
r-devel-windows-x86_64 0.1.3 18.00 85.00 103.00 OK
r-patched-linux-x86_64 0.1.3 9.39 63.32 72.71 NOTE
r-release-linux-x86_64 0.1.3 5.51 63.47 68.98 NOTE
r-release-macos-arm64 0.1.3 27.00 NOTE
r-release-macos-x86_64 0.1.3 51.00 NOTE
r-release-windows-x86_64 0.1.3 21.00 87.00 108.00 OK
r-oldrel-macos-arm64 0.1.3 30.00 NOTE
r-oldrel-macos-x86_64 0.1.3 38.00 NOTE
r-oldrel-windows-ix86+x86_64 0.1.3 13.00 75.00 88.00 OK

Check Details

Version: 0.1.3
Check: for non-standard things in the check directory
Result: NOTE
    Found the following files/directories:
     'file.path(temp_dir, gp2.csv)'
Flavors: r-devel-linux-x86_64-debian-clang, r-devel-linux-x86_64-debian-gcc, r-devel-linux-x86_64-fedora-clang, r-devel-linux-x86_64-fedora-gcc, r-patched-linux-x86_64, r-release-linux-x86_64

Version: 0.1.3
Check: dependencies in R code
Result: NOTE
    Namespace in Imports field not imported from: ‘knitr’
     All declared Imports should be used.
Flavors: r-devel-linux-x86_64-fedora-clang, r-devel-linux-x86_64-fedora-gcc, r-release-macos-arm64, r-release-macos-x86_64, r-oldrel-macos-arm64, r-oldrel-macos-x86_64