CRAN Package Check Results for Package ensurer

Last updated on 2024-02-27 17:49:17 CET.

Flavor Version Tinstall Tcheck Ttotal Status Flags
r-devel-linux-x86_64-debian-clang 1.1 2.28 24.81 27.09 NOTE
r-devel-linux-x86_64-debian-gcc 1.1 1.81 19.08 20.89 NOTE
r-devel-linux-x86_64-fedora-clang 1.1 35.18 NOTE
r-devel-linux-x86_64-fedora-gcc 1.1 46.38 NOTE
r-devel-windows-x86_64 1.1 3.00 41.00 44.00 NOTE
r-patched-linux-x86_64 1.1 1.92 24.03 25.95 OK
r-release-linux-x86_64 1.1 1.43 23.77 25.20 OK
r-release-macos-arm64 1.1 22.00 OK
r-release-macos-x86_64 1.1 33.00 OK
r-release-windows-x86_64 1.1 4.00 41.00 45.00 OK
r-oldrel-macos-arm64 1.1 18.00 OK
r-oldrel-windows-x86_64 1.1 5.00 44.00 49.00 OK

Check Details

Version: 1.1
Check: package vignettes
Result: NOTE Package vignette with \VignetteEngine{} not specifying an engine package: ‘ensurer.Rmd’ Engines should be specified as \VignetteEngine{PKG::ENG}. Flavors: r-devel-linux-x86_64-debian-clang, r-devel-linux-x86_64-debian-gcc, r-devel-linux-x86_64-fedora-clang, r-devel-linux-x86_64-fedora-gcc, r-devel-windows-x86_64