CRAN Package Check Results for Package entropart

Last updated on 2018-10-21 17:54:06 CEST.

Flavor Version Tinstall Tcheck Ttotal Status Flags
r-devel-linux-x86_64-debian-clang 1.5-3 11.26 134.79 146.05 OK
r-devel-linux-x86_64-debian-gcc 1.5-3 8.01 106.44 114.45 OK
r-devel-linux-x86_64-fedora-clang 1.5-3 170.03 OK
r-devel-linux-x86_64-fedora-gcc 1.5-3 166.81 OK
r-devel-windows-ix86+x86_64 1.5-3 25.00 181.00 206.00 OK
r-patched-linux-x86_64 1.5-3 9.65 120.17 129.82 OK
r-patched-solaris-x86 1.5-3 217.70 OK
r-release-linux-x86_64 1.5-3 8.49 1.78 10.27 ERROR
r-release-windows-ix86+x86_64 1.5-3 22.00 178.00 200.00 OK
r-release-osx-x86_64 1.5-3 OK
r-oldrel-windows-ix86+x86_64 1.5-3 11.00 168.00 179.00 OK
r-oldrel-osx-x86_64 1.5-3 OK

Check Details

Version: 1.5-3
Check: package dependencies
Result: ERROR
    Package suggested but not available for checking: ‘packagedocs’
    
    VignetteBuilder package required for checking but not installed: ‘packagedocs’
    
    See section ‘The DESCRIPTION file’ in the ‘Writing R Extensions’
    manual.
Flavor: r-release-linux-x86_64