CRAN Package Check Results for Package entropart

Last updated on 2018-02-22 11:57:48 CET.

Flavor Version Tinstall Tcheck Ttotal Status Flags
r-devel-linux-x86_64-debian-clang 1.5-3 11.18 104.53 115.71 OK
r-devel-linux-x86_64-debian-gcc 1.5-3 6.87 92.45 99.32 OK
r-devel-linux-x86_64-fedora-clang 1.5-3 156.63 OK
r-devel-linux-x86_64-fedora-gcc 1.5-3 151.01 OK
r-devel-windows-ix86+x86_64 1.5-3 21.00 129.00 150.00 OK
r-patched-linux-x86_64 1.5-3 5.03 125.03 130.06 OK
r-patched-solaris-x86 1.5-3 211.90 OK
r-release-linux-x86_64 1.5-3 6.15 123.94 130.09 OK
r-release-windows-ix86+x86_64 1.5-3 18.00 162.00 180.00 OK
r-release-osx-x86_64 1.5-3 OK
r-oldrel-windows-ix86+x86_64 1.5-3 11.00 128.00 139.00 OK
r-oldrel-osx-x86_64 1.4-8 WARN

Check Details

Version: 1.4-8
Check: installed package size
Result: NOTE
     installed size is 6.4Mb
     sub-directories of 1Mb or more:
     data 3.8Mb
     doc 2.1Mb
Flavor: r-oldrel-osx-x86_64

Version: 1.4-8
Check: re-building of vignette outputs
Result: WARN
    Error in re-building vignettes:
     ...
    Warning in engine$weave(file, quiet = quiet, encoding = enc) :
     Pandoc (>= 1.12.3) and/or pandoc-citeproc not available. Falling back to R Markdown v1.
    Quitting from lines 2-31 (Introduction.Rmd)
    Error: processing vignette 'Introduction.Rmd' failed with diagnostics:
    could not find function "CRANpkg"
    Execution halted
Flavor: r-oldrel-osx-x86_64