CRAN Package Check Results for Package envi

Last updated on 2021-05-16 09:47:56 CEST.

Flavor Version Tinstall Tcheck Ttotal Status Flags
r-devel-linux-x86_64-debian-clang 0.1.8 20.52 336.96 357.48 NOTE
r-devel-linux-x86_64-debian-gcc 0.1.8 17.71 251.98 269.69 NOTE
r-devel-linux-x86_64-fedora-clang 0.1.8 434.45 NOTE
r-devel-linux-x86_64-fedora-gcc 0.1.8 426.98 NOTE
r-devel-windows-ix86+x86_64 0.1.8 62.00 330.00 392.00 NOTE
r-devel-windows-x86_64-gcc10-UCRT 0.1.8 NOTE
r-patched-linux-x86_64 0.1.8 24.84 319.36 344.20 NOTE
r-patched-solaris-x86 0.1.8 768.80 NOTE
r-release-linux-x86_64 0.1.8 17.18 315.38 332.56 OK
r-release-macos-x86_64 0.1.8 OK
r-release-windows-ix86+x86_64 0.1.8 38.00 416.00 454.00 OK
r-oldrel-macos-x86_64 0.1.8 OK
r-oldrel-windows-ix86+x86_64 0.1.8 33.00 445.00 478.00 OK

Check Details

Version: 0.1.8
Check: LazyData
Result: NOTE
     'LazyData' is specified without a 'data' directory
Flavors: r-devel-linux-x86_64-debian-clang, r-devel-linux-x86_64-debian-gcc, r-devel-linux-x86_64-fedora-clang, r-devel-linux-x86_64-fedora-gcc, r-devel-windows-ix86+x86_64, r-devel-windows-x86_64-gcc10-UCRT, r-patched-linux-x86_64, r-patched-solaris-x86