CRAN Package Check Results for Package enviGCMS

Last updated on 2018-02-22 17:49:14 CET.

Flavor Version Tinstall Tcheck Ttotal Status Flags
r-devel-linux-x86_64-debian-clang 0.3.4 4.06 36.37 40.43 OK
r-devel-linux-x86_64-debian-gcc 0.3.4 3.03 31.24 34.27 OK
r-devel-windows-ix86+x86_64 0.3.4 1.00 4.00 5.00 ERROR
r-patched-linux-x86_64 0.3.4 0.91 40.39 41.30 OK
r-release-linux-x86_64 0.3.4 0.93 40.18 41.11 OK
r-release-windows-ix86+x86_64 0.3.4 6.00 66.00 72.00 OK
r-release-osx-x86_64 0.3.4 ERROR
r-oldrel-windows-ix86+x86_64 0.3.4 4.00 49.00 53.00 NOTE
r-oldrel-osx-x86_64 0.3.4 NOTE

Check Details

Version: 0.3.4
Check: package dependencies
Result: ERROR
    Package required but not available: 'xcms'
    
    Package suggested but not available for checking: 'faahKO'
    
    See section 'The DESCRIPTION file' in the 'Writing R Extensions'
    manual.
Flavor: r-devel-windows-ix86+x86_64

Version: 0.3.4
Check: package dependencies
Result: ERROR
    Packages required but not available:
     ‘xcms’ ‘qvalue’ ‘sva’ ‘BiocParallel’ ‘genefilter’
    
    Package suggested but not available for checking: ‘faahKO’
    
    See section ‘The DESCRIPTION file’ in the ‘Writing R Extensions’
    manual.
Flavor: r-release-osx-x86_64

Version: 0.3.4
Check: dependencies in R code
Result: NOTE
    Missing or unexported object: 'xcms::profMat'
Flavor: r-oldrel-windows-ix86+x86_64

Version: 0.3.4
Check: package dependencies
Result: NOTE
    Package suggested but not available for checking: ‘faahKO’
Flavor: r-oldrel-osx-x86_64

Version: 0.3.4
Check: dependencies in R code
Result: NOTE
    Namespace in Imports field not imported from: ‘BiocParallel’
     All declared Imports should be used.
    Missing or unexported object: ‘xcms::profMat’
Flavor: r-oldrel-osx-x86_64