CRAN Package Check Results for Package enviGCMS

Last updated on 2018-05-27 14:46:41 CEST.

Flavor Version Tinstall Tcheck Ttotal Status Flags
r-devel-linux-x86_64-debian-clang 0.5.0 3.69 47.73 51.42 OK
r-devel-linux-x86_64-debian-gcc 0.5.0 3.01 37.62 40.63 OK
r-devel-linux-x86_64-fedora-clang 0.5.0 63.18 NOTE
r-devel-linux-x86_64-fedora-gcc 0.5.0 58.27 NOTE
r-devel-windows-ix86+x86_64 0.5.0 7.00 58.00 65.00 OK
r-patched-linux-x86_64 0.5.0 3.59 42.34 45.93 OK
r-release-linux-x86_64 0.5.0 3.38 42.88 46.26 OK
r-release-windows-ix86+x86_64 0.5.0 12.00 77.00 89.00 OK
r-release-osx-x86_64 0.5.0 ERROR
r-oldrel-windows-ix86+x86_64 0.5.0 7.00 53.00 60.00 OK
r-oldrel-osx-x86_64 0.3.4 NOTE

Check Details

Version: 0.5.0
Check: dependencies in R code
Result: NOTE
    Namespaces in Imports field not imported from:
     ‘BiocParallel’ ‘broom’ ‘reshape2’ ‘rmarkdown’
     All declared Imports should be used.
Flavors: r-devel-linux-x86_64-fedora-clang, r-devel-linux-x86_64-fedora-gcc

Version: 0.5.0
Check: package dependencies
Result: ERROR
    Packages required but not available: ‘xcms’ ‘MSnbase’
    
    See section ‘The DESCRIPTION file’ in the ‘Writing R Extensions’
    manual.
Flavor: r-release-osx-x86_64

Version: 0.3.4
Check: package dependencies
Result: NOTE
    Package suggested but not available for checking: ‘faahKO’
Flavor: r-oldrel-osx-x86_64

Version: 0.3.4
Check: dependencies in R code
Result: NOTE
    Namespace in Imports field not imported from: ‘BiocParallel’
     All declared Imports should be used.
Flavor: r-oldrel-osx-x86_64