CRAN Package Check Results for Package enviGCMS

Last updated on 2019-01-16 15:48:30 CET.

Flavor Version Tinstall Tcheck Ttotal Status Flags
r-devel-linux-x86_64-debian-clang 0.5.0 3.53 45.63 49.16 OK
r-devel-linux-x86_64-debian-gcc 0.5.0 3.11 36.56 39.67 OK
r-devel-linux-x86_64-fedora-clang 0.5.0 63.90 NOTE
r-devel-linux-x86_64-fedora-gcc 0.5.0 55.84 NOTE
r-devel-windows-ix86+x86_64 0.5.0 9.00 54.00 63.00 OK
r-patched-linux-x86_64 0.5.0 3.47 42.79 46.26 OK
r-release-linux-x86_64 0.5.0 3.60 42.80 46.40 OK
r-release-windows-ix86+x86_64 0.5.0 13.00 55.00 68.00 OK
r-release-osx-x86_64 0.5.0 ERROR
r-oldrel-windows-ix86+x86_64 0.5.0 5.00 78.00 83.00 OK
r-oldrel-osx-x86_64 0.5.0 ERROR

Check Details

Version: 0.5.0
Check: dependencies in R code
Result: NOTE
    Namespaces in Imports field not imported from:
     ‘BiocParallel’ ‘broom’ ‘reshape2’ ‘rmarkdown’
     All declared Imports should be used.
Flavors: r-devel-linux-x86_64-fedora-clang, r-devel-linux-x86_64-fedora-gcc

Version: 0.5.0
Check: package dependencies
Result: ERROR
    Packages required but not available: ‘xcms’ ‘MSnbase’
    
    See section ‘The DESCRIPTION file’ in the ‘Writing R Extensions’
    manual.
Flavor: r-release-osx-x86_64

Version: 0.5.0
Check: package dependencies
Result: ERROR
    Package required but not available: ‘MSnbase’
    
    See section ‘The DESCRIPTION file’ in the ‘Writing R Extensions’
    manual.
Flavor: r-oldrel-osx-x86_64