CRAN Package Check Results for Package enviGCMS

Last updated on 2018-08-17 21:48:04 CEST.

Flavor Version Tinstall Tcheck Ttotal Status Flags
r-devel-linux-x86_64-debian-clang 0.5.0 3.66 48.60 52.26 OK
r-devel-linux-x86_64-debian-gcc 0.5.0 3.03 38.55 41.58 OK
r-devel-linux-x86_64-fedora-clang 0.5.0 62.31 NOTE
r-devel-linux-x86_64-fedora-gcc 0.5.0 58.47 NOTE
r-devel-windows-ix86+x86_64 0.5.0 15.00 78.00 93.00 OK
r-patched-linux-x86_64 0.5.0 3.53 43.24 46.77 OK
r-release-linux-x86_64 0.5.0 3.26 43.08 46.34 OK
r-release-windows-ix86+x86_64 0.5.0 12.00 73.00 85.00 OK
r-release-osx-x86_64 0.5.0 ERROR
r-oldrel-windows-ix86+x86_64 0.5.0 5.00 54.00 59.00 OK
r-oldrel-osx-x86_64 0.5.0 ERROR

Check Details

Version: 0.5.0
Check: dependencies in R code
Result: NOTE
    Namespaces in Imports field not imported from:
     ‘BiocParallel’ ‘broom’ ‘reshape2’ ‘rmarkdown’
     All declared Imports should be used.
Flavors: r-devel-linux-x86_64-fedora-clang, r-devel-linux-x86_64-fedora-gcc

Version: 0.5.0
Check: package dependencies
Result: ERROR
    Packages required but not available: ‘xcms’ ‘MSnbase’
    
    See section ‘The DESCRIPTION file’ in the ‘Writing R Extensions’
    manual.
Flavor: r-release-osx-x86_64

Version: 0.5.0
Check: package dependencies
Result: ERROR
    Package required but not available: ‘MSnbase’
    
    See section ‘The DESCRIPTION file’ in the ‘Writing R Extensions’
    manual.
Flavor: r-oldrel-osx-x86_64