CRAN Package Check Results for Package enviGCMS

Last updated on 2019-09-16 00:47:39 CEST.

Flavor Version Tinstall Tcheck Ttotal Status Flags
r-devel-linux-x86_64-debian-clang 0.5.7 6.02 61.38 67.40 OK
r-devel-linux-x86_64-debian-gcc 0.5.7 4.66 47.91 52.57 OK
r-devel-linux-x86_64-fedora-clang 0.5.7 79.12 NOTE
r-devel-linux-x86_64-fedora-gcc 0.5.7 72.65 NOTE
r-devel-windows-ix86+x86_64 0.5.7 17.00 165.00 182.00 OK
r-patched-linux-x86_64 0.5.7 5.96 64.95 70.91 OK
r-release-linux-x86_64 0.5.7 4.38 64.40 68.78 OK
r-release-windows-ix86+x86_64 0.5.7 7.00 120.00 127.00 OK
r-release-osx-x86_64 0.5.7 ERROR
r-oldrel-windows-ix86+x86_64 0.5.7 11.00 109.00 120.00 OK
r-oldrel-osx-x86_64 0.5.7 NOTE

Check Details

Version: 0.5.7
Check: package dependencies
Result: NOTE
    Packages suggested but not available for checking: 'xcms', 'MSnbase'
Flavors: r-devel-linux-x86_64-fedora-clang, r-devel-linux-x86_64-fedora-gcc

Version: 0.5.7
Check: dependencies in R code
Result: NOTE
    Namespaces in Imports field not imported from:
     ‘DT’ ‘broom’ ‘crosstalk’ ‘dplyr’ ‘ggraph’ ‘igraph’ ‘plotly’
     ‘rmarkdown’ ‘shinythemes’
     All declared Imports should be used.
Flavors: r-devel-linux-x86_64-fedora-clang, r-devel-linux-x86_64-fedora-gcc, r-oldrel-osx-x86_64

Version: 0.5.7
Check: package dependencies
Result: ERROR
    Packages required but not available: 'BiocParallel', 'genefilter'
    
    Packages suggested but not available for checking: 'xcms', 'MSnbase'
    
    See section ‘The DESCRIPTION file’ in the ‘Writing R Extensions’
    manual.
Flavor: r-release-osx-x86_64

Version: 0.5.7
Check: package dependencies
Result: NOTE
    Packages suggested but not available for checking: ‘xcms’ ‘MSnbase’
Flavor: r-oldrel-osx-x86_64