CRAN Package Check Results for Package enviGCMS

Last updated on 2020-01-27 04:48:05 CET.

Flavor Version Tinstall Tcheck Ttotal Status Flags
r-devel-linux-x86_64-debian-clang 0.5.7 5.51 71.86 77.37 OK
r-devel-linux-x86_64-debian-gcc 0.5.7 5.84 56.04 61.88 OK
r-devel-linux-x86_64-fedora-clang 0.5.7 87.73 WARN
r-devel-linux-x86_64-fedora-gcc 0.5.7 92.04 NOTE
r-devel-windows-ix86+x86_64 0.5.7 22.00 175.00 197.00 OK
r-devel-windows-ix86+x86_64-gcc8 0.5.7 23.00 166.00 189.00 NOTE
r-patched-linux-x86_64 0.5.7 5.17 61.05 66.22 OK
r-release-linux-x86_64 0.5.7 5.97 60.39 66.36 OK
r-release-windows-ix86+x86_64 0.5.7 9.00 117.00 126.00 OK
r-release-osx-x86_64 0.5.7 NOTE
r-oldrel-windows-ix86+x86_64 0.5.7 7.00 90.00 97.00 OK
r-oldrel-osx-x86_64 0.5.7 NOTE

Check Details

Version: 0.5.7
Check: package dependencies
Result: WARN
    Packages suggested but not available for checking: 'xcms', 'MSnbase'
    
    Imports includes 22 non-default packages.
    Importing from so many packages makes the package vulnerable to any of
    them becoming unavailable. Move as many as possible to Suggests and
    use conditionally.
    
    Requires orphaned package: ‘rcdk’
Flavor: r-devel-linux-x86_64-fedora-clang

Version: 0.5.7
Check: dependencies in R code
Result: NOTE
    Namespaces in Imports field not imported from:
     ‘DT’ ‘broom’ ‘crosstalk’ ‘dplyr’ ‘ggraph’ ‘igraph’ ‘plotly’
     ‘rmarkdown’ ‘shinythemes’
     All declared Imports should be used.
Flavors: r-devel-linux-x86_64-fedora-clang, r-devel-linux-x86_64-fedora-gcc, r-release-osx-x86_64, r-oldrel-osx-x86_64

Version: 0.5.7
Check: package dependencies
Result: NOTE
    Packages suggested but not available for checking: 'xcms', 'MSnbase'
Flavors: r-devel-linux-x86_64-fedora-gcc, r-devel-windows-ix86+x86_64-gcc8

Version: 0.5.7
Check: package dependencies
Result: NOTE
    Packages suggested but not available for checking: ‘xcms’ ‘MSnbase’
Flavor: r-oldrel-osx-x86_64