CRAN Package Check Results for Package enviGCMS

Last updated on 2018-10-21 17:54:06 CEST.

Flavor Version Tinstall Tcheck Ttotal Status Flags
r-devel-linux-x86_64-debian-clang 0.5.0 3.18 48.56 51.74 OK
r-devel-linux-x86_64-debian-gcc 0.5.0 2.70 38.29 40.99 OK
r-devel-linux-x86_64-fedora-clang 0.5.0 60.73 NOTE
r-devel-linux-x86_64-fedora-gcc 0.5.0 58.39 NOTE
r-devel-windows-ix86+x86_64 0.5.0 12.00 80.00 92.00 OK
r-patched-linux-x86_64 0.5.0 3.57 42.65 46.22 OK
r-release-linux-x86_64 0.5.0 3.67 43.12 46.79 OK
r-release-windows-ix86+x86_64 0.5.0 15.00 85.00 100.00 OK
r-release-osx-x86_64 0.5.0 ERROR
r-oldrel-windows-ix86+x86_64 0.5.0 5.00 72.00 77.00 OK
r-oldrel-osx-x86_64 0.5.0 ERROR

Check Details

Version: 0.5.0
Check: dependencies in R code
Result: NOTE
    Namespaces in Imports field not imported from:
     ‘BiocParallel’ ‘broom’ ‘reshape2’ ‘rmarkdown’
     All declared Imports should be used.
Flavors: r-devel-linux-x86_64-fedora-clang, r-devel-linux-x86_64-fedora-gcc

Version: 0.5.0
Check: package dependencies
Result: ERROR
    Packages required but not available: ‘xcms’ ‘MSnbase’
    
    See section ‘The DESCRIPTION file’ in the ‘Writing R Extensions’
    manual.
Flavor: r-release-osx-x86_64

Version: 0.5.0
Check: package dependencies
Result: ERROR
    Package required but not available: ‘MSnbase’
    
    See section ‘The DESCRIPTION file’ in the ‘Writing R Extensions’
    manual.
Flavor: r-oldrel-osx-x86_64