CRAN Package Check Results for Package enviPat

Last updated on 2018-07-18 01:49:22 CEST.

Flavor Version Tinstall Tcheck Ttotal Status Flags
r-devel-linux-x86_64-debian-clang 2.2 6.27 27.51 33.78 NOTE
r-devel-linux-x86_64-debian-gcc 2.2 4.76 22.15 26.91 NOTE
r-devel-linux-x86_64-fedora-clang 2.2 42.45 NOTE
r-devel-linux-x86_64-fedora-gcc 2.2 38.58 WARN
r-devel-windows-ix86+x86_64 2.2 26.00 55.00 81.00 OK
r-patched-linux-x86_64 2.2 6.84 26.90 33.74 NOTE
r-patched-solaris-x86 2.2 56.40 OK
r-release-linux-x86_64 2.2 6.69 26.99 33.68 NOTE
r-release-windows-ix86+x86_64 2.2 22.00 49.00 71.00 OK
r-release-osx-x86_64 2.2 OK
r-oldrel-windows-ix86+x86_64 2.2 17.00 49.00 66.00 OK
r-oldrel-osx-x86_64 2.2 OK

Additional issues

rchk

Check Details

Version: 2.2
Check: compiled code
Result: NOTE
    File ‘enviPat/libs/enviPat.so’:
     Found no calls to: ‘R_registerRoutines’, ‘R_useDynamicSymbols’
    
    It is good practice to register native routines and to disable symbol
    search.
    
    See ‘Writing portable packages’ in the ‘Writing R Extensions’ manual.
Flavors: r-devel-linux-x86_64-debian-clang, r-devel-linux-x86_64-debian-gcc, r-devel-linux-x86_64-fedora-clang, r-devel-linux-x86_64-fedora-gcc, r-patched-linux-x86_64, r-release-linux-x86_64

Version: 2.2
Check: whether package can be installed
Result: WARN
    Found the following significant warnings:
     main.c:334:17: warning: ‘strncpy’ specified bound 10 equals destination size [-Wstringop-truncation]
     main.c:575:13: warning: ‘strncpy’ specified bound 10 equals destination size [-Wstringop-truncation]
     main.c:518:17: warning: ‘strncpy’ specified bound 10 equals destination size [-Wstringop-truncation]
     main.c:805:17: warning: ‘strncpy’ specified bound 10 equals destination size [-Wstringop-truncation]
     main.c:755:17: warning: ‘strncpy’ specified bound 10 equals destination size [-Wstringop-truncation]
     main.c:1034:17: warning: ‘strncpy’ specified bound 10 equals destination size [-Wstringop-truncation]
     main.c:983:17: warning: ‘strncpy’ specified bound 10 equals destination size [-Wstringop-truncation]
     main.c:1377:7: warning: ‘strncpy’ specified bound 10 equals destination size [-Wstringop-truncation]
     main.c:1279:13: warning: ‘strncpy’ specified bound 10 equals destination size [-Wstringop-truncation]
     main.c:1678:13: warning: ‘strncpy’ specified bound 10 equals destination size [-Wstringop-truncation]
     main.c:1962:13: warning: ‘strncpy’ specified bound 10 equals destination size [-Wstringop-truncation]
     main.c:1912:13: warning: ‘strncpy’ specified bound 10 equals destination size [-Wstringop-truncation]
     main.c:2316:7: warning: ‘strncpy’ specified bound 10 equals destination size [-Wstringop-truncation]
     main.c:2212:17: warning: ‘strncpy’ specified bound 10 equals destination size [-Wstringop-truncation]
Flavor: r-devel-linux-x86_64-fedora-gcc