CRAN Package Check Results for Package enviPat

Last updated on 2017-12-16 04:47:00 CET.

Flavor Version Tinstall Tcheck Ttotal Status Flags
r-devel-linux-x86_64-debian-clang 2.2 3.93 28.01 31.94 NOTE
r-devel-linux-x86_64-debian-gcc 2.2 3.74 22.91 26.65 NOTE
r-devel-linux-x86_64-fedora-clang 2.2 38.19 NOTE
r-devel-linux-x86_64-fedora-gcc 2.2 36.13 NOTE
r-devel-windows-ix86+x86_64 2.2 25.00 50.00 75.00 OK
r-patched-linux-x86_64 2.2 4.29 26.76 31.05 NOTE
r-patched-solaris-x86 2.2 48.60 OK
r-release-linux-x86_64 2.2 4.28 26.66 30.94 NOTE
r-release-windows-ix86+x86_64 2.2 17.00 49.00 66.00 OK
r-release-osx-x86_64 2.2 OK
r-oldrel-windows-ix86+x86_64 2.2 13.00 48.00 61.00 OK
r-oldrel-osx-x86_64 2.2 OK

Additional issues

rchk

Check Details

Version: 2.2
Check: compiled code
Result: NOTE
    File ‘enviPat/libs/enviPat.so’:
     Found no calls to: ‘R_registerRoutines’, ‘R_useDynamicSymbols’
    
    It is good practice to register native routines and to disable symbol
    search.
    
    See ‘Writing portable packages’ in the ‘Writing R Extensions’ manual.
Flavors: r-devel-linux-x86_64-debian-clang, r-devel-linux-x86_64-debian-gcc, r-devel-linux-x86_64-fedora-clang, r-devel-linux-x86_64-fedora-gcc, r-patched-linux-x86_64, r-release-linux-x86_64