CRAN Package Check Results for Package epe4md

Last updated on 2024-02-25 19:49:56 CET.

Flavor Version Tinstall Tcheck Ttotal Status Flags
r-devel-linux-x86_64-debian-clang 0.1.4 11.06 123.28 134.34 OK
r-devel-linux-x86_64-debian-gcc 0.1.4 8.20 93.34 101.54 OK
r-devel-linux-x86_64-fedora-clang 0.1.4 162.62 NOTE
r-devel-linux-x86_64-fedora-gcc 0.1.4 149.05 OK
r-devel-windows-x86_64 0.1.4 11.00 145.00 156.00 OK
r-patched-linux-x86_64 0.1.4 7.04 117.12 124.16 OK
r-release-linux-x86_64 0.1.4 6.71 117.24 123.95 OK
r-release-macos-arm64 0.1.4 58.00 OK
r-release-macos-x86_64 0.1.4 159.00 OK
r-release-windows-x86_64 0.1.4 12.00 174.00 186.00 OK
r-oldrel-macos-arm64 0.1.4 70.00 OK
r-oldrel-windows-x86_64 0.1.4 13.00 176.00 189.00 OK

Check Details

Version: 0.1.4
Check: package dependencies
Result: NOTE Imports includes 21 non-default packages. Importing from so many packages makes the package vulnerable to any of them becoming unavailable. Move as many as possible to Suggests and use conditionally. Flavor: r-devel-linux-x86_64-fedora-clang