Last updated on 2022-08-10 05:54:48 CEST.
Flavor | Version | Tinstall | Tcheck | Ttotal | Status | Flags |
---|---|---|---|---|---|---|
r-devel-linux-x86_64-debian-clang | 3.5.0.2 | 14.28 | 133.78 | 148.06 | NOTE | |
r-devel-linux-x86_64-debian-gcc | 3.5.0.2 | 14.15 | 98.43 | 112.58 | NOTE | |
r-devel-linux-x86_64-fedora-clang | 3.5.0.2 | 195.61 | NOTE | |||
r-devel-linux-x86_64-fedora-gcc | 3.5.0.2 | 190.12 | NOTE | |||
r-devel-windows-x86_64 | 3.5.0.2 | 66.00 | 160.00 | 226.00 | NOTE | |
r-patched-linux-x86_64 | 3.5.0.2 | 16.99 | 124.89 | 141.88 | OK | |
r-release-linux-x86_64 | 3.5.0.2 | OK | ||||
r-release-macos-arm64 | 3.5.0.2 | 57.00 | OK | |||
r-release-macos-x86_64 | 3.5.0.2 | 73.00 | OK | |||
r-release-windows-x86_64 | 3.5.0.2 | 91.00 | 160.00 | 251.00 | OK | |
r-oldrel-macos-arm64 | 3.5.0.2 | 47.00 | OK | |||
r-oldrel-macos-x86_64 | 3.5.0.2 | 71.00 | OK | |||
r-oldrel-windows-ix86+x86_64 | 3.5.0.2 | 34.00 | 156.00 | 190.00 | OK |
Version: 3.5.0.2
Check: Rd files
Result: NOTE
checkRd: (-1) risk.display.rd:98: Escaped LaTeX specials: \$
Flavors: r-devel-linux-x86_64-debian-clang, r-devel-linux-x86_64-debian-gcc, r-devel-linux-x86_64-fedora-clang, r-devel-linux-x86_64-fedora-gcc, r-devel-windows-x86_64