CRAN Package Check Results for Package epidata

Last updated on 2024-02-27 13:49:21 CET.

Flavor Version Tinstall Tcheck Ttotal Status Flags
r-devel-linux-x86_64-debian-clang 0.4.0 5.93 58.84 64.77 OK
r-devel-linux-x86_64-debian-gcc 0.4.0 5.54 44.38 49.92 OK
r-devel-linux-x86_64-fedora-clang 0.4.0 84.07 NOTE
r-devel-linux-x86_64-fedora-gcc 0.4.0 83.32 NOTE
r-devel-windows-x86_64 0.4.0 7.00 84.00 91.00 OK
r-patched-linux-x86_64 0.4.0 6.54 56.68 63.22 OK
r-release-linux-x86_64 0.4.0 5.84 56.12 61.96 OK
r-release-macos-arm64 0.4.0 50.00 OK
r-release-macos-x86_64 0.4.0 62.00 OK
r-release-windows-x86_64 0.4.0 9.00 94.00 103.00 OK
r-oldrel-macos-arm64 0.4.0 178.00 NOTE
r-oldrel-windows-x86_64 0.4.0 11.00 95.00 106.00 OK

Check Details

Version: 0.4.0
Check: dependencies in R code
Result: NOTE Namespace in Imports field not imported from: ‘tinytest’ All declared Imports should be used. Flavors: r-devel-linux-x86_64-fedora-clang, r-devel-linux-x86_64-fedora-gcc, r-oldrel-macos-arm64