CRAN Package Check Results for Package epidata

Last updated on 2023-09-25 14:00:58 CEST.

Flavor Version Tinstall Tcheck Ttotal Status Flags
r-devel-linux-x86_64-debian-clang 0.4.0 8.05 53.36 61.41 OK
r-devel-linux-x86_64-debian-gcc 0.4.0 5.66 40.16 45.82 OK
r-devel-linux-x86_64-fedora-clang 0.4.0 73.59 NOTE
r-devel-linux-x86_64-fedora-gcc 0.4.0 71.09 NOTE
r-devel-windows-x86_64 0.4.0 8.00 84.00 92.00 OK
r-patched-linux-x86_64 0.4.0 4.69 49.83 54.52 OK
r-release-linux-x86_64 0.4.0 4.88 50.81 55.69 OK
r-release-macos-arm64 0.4.0 50.00 OK
r-release-macos-x86_64 0.4.0 62.00 OK
r-release-windows-x86_64 0.4.0 10.00 86.00 96.00 OK
r-oldrel-macos-arm64 0.4.0 178.00 NOTE
r-oldrel-macos-x86_64 0.4.0 81.00 NOTE
r-oldrel-windows-x86_64 0.4.0 10.00 88.00 98.00 OK

Check Details

Version: 0.4.0
Check: dependencies in R code
Result: NOTE
    Namespace in Imports field not imported from: ‘tinytest’
     All declared Imports should be used.
Flavors: r-devel-linux-x86_64-fedora-clang, r-devel-linux-x86_64-fedora-gcc, r-oldrel-macos-arm64, r-oldrel-macos-x86_64