CRAN Package Check Results for Package epidata

Last updated on 2022-08-15 04:50:14 CEST.

Flavor Version Tinstall Tcheck Ttotal Status Flags
r-devel-linux-x86_64-debian-clang 0.4.0 7.37 60.96 68.33 OK
r-devel-linux-x86_64-debian-gcc 0.4.0 5.70 44.37 50.07 OK
r-devel-linux-x86_64-fedora-clang 0.4.0 91.51 NOTE
r-devel-linux-x86_64-fedora-gcc 0.4.0 91.28 NOTE
r-devel-windows-x86_64 0.4.0 24.00 99.00 123.00 OK
r-patched-linux-x86_64 0.4.0 4.85 55.94 60.79 OK
r-release-linux-x86_64 0.4.0 6.65 55.09 61.74 OK
r-release-macos-arm64 0.4.0 178.00 NOTE
r-release-macos-x86_64 0.4.0 81.00 NOTE
r-release-windows-x86_64 0.4.0 24.00 101.00 125.00 OK
r-oldrel-macos-arm64 0.4.0 54.00 NOTE
r-oldrel-macos-x86_64 0.4.0 80.00 NOTE
r-oldrel-windows-ix86+x86_64 0.4.0 22.00 95.00 117.00 OK

Check Details

Version: 0.4.0
Check: dependencies in R code
Result: NOTE
    Namespace in Imports field not imported from: ‘tinytest’
     All declared Imports should be used.
Flavors: r-devel-linux-x86_64-fedora-clang, r-devel-linux-x86_64-fedora-gcc, r-release-macos-arm64, r-release-macos-x86_64, r-oldrel-macos-arm64, r-oldrel-macos-x86_64