Last updated on 2022-05-19 12:55:27 CEST.
Flavor | Version | Tinstall | Tcheck | Ttotal | Status | Flags |
---|---|---|---|---|---|---|
r-devel-linux-x86_64-debian-clang | 0.3.0 | 4.02 | 88.93 | 92.95 | OK | |
r-devel-linux-x86_64-debian-gcc | 0.3.0 | 2.69 | 66.50 | 69.19 | OK | |
r-devel-linux-x86_64-fedora-clang | 0.3.0 | 109.90 | NOTE | |||
r-devel-linux-x86_64-fedora-gcc | 0.3.0 | 112.28 | NOTE | |||
r-devel-windows-x86_64 | 0.3.0 | 23.00 | 111.00 | 134.00 | OK | |
r-patched-linux-x86_64 | 0.3.0 | 3.89 | 82.86 | 86.75 | OK | |
r-release-linux-x86_64 | 0.3.0 | 3.84 | 82.25 | 86.09 | OK | |
r-release-macos-arm64 | 0.3.0 | 39.00 | NOTE | |||
r-release-macos-x86_64 | 0.3.0 | 68.00 | NOTE | |||
r-release-windows-x86_64 | 0.3.0 | 28.00 | 115.00 | 143.00 | OK | |
r-oldrel-macos-arm64 | 0.3.0 | 50.00 | NOTE | |||
r-oldrel-macos-x86_64 | 0.3.0 | 46.00 | NOTE | |||
r-oldrel-windows-ix86+x86_64 | 0.3.0 | 10.00 | 98.00 | 108.00 | OK |
Version: 0.3.0
Check: dependencies in R code
Result: NOTE
Namespace in Imports field not imported from: ‘knitr’
All declared Imports should be used.
Flavors: r-devel-linux-x86_64-fedora-clang, r-devel-linux-x86_64-fedora-gcc, r-release-macos-arm64, r-release-macos-x86_64, r-oldrel-macos-arm64, r-oldrel-macos-x86_64