CRAN Package Check Results for Package epiflows

Last updated on 2025-01-24 04:48:57 CET.

Flavor Version Tinstall Tcheck Ttotal Status Flags
r-devel-linux-x86_64-debian-clang 0.2.1 4.34 77.67 82.01 NOTE
r-devel-linux-x86_64-debian-gcc 0.2.1 2.90 57.16 60.06 NOTE
r-devel-linux-x86_64-fedora-clang 0.2.1 133.49 OK
r-devel-linux-x86_64-fedora-gcc 0.2.1 140.81 OK
r-devel-windows-x86_64 0.2.1 7.00 105.00 112.00 NOTE
r-patched-linux-x86_64 0.2.1 8.41 72.55 80.96 OK
r-release-linux-x86_64 0.2.1 4.02 72.15 76.17 OK
r-release-macos-arm64 0.2.1 48.00 OK
r-release-macos-x86_64 0.2.1 76.00 OK
r-release-windows-x86_64 0.2.1 7.00 101.00 108.00 OK
r-oldrel-macos-arm64 0.2.1 45.00 OK
r-oldrel-macos-x86_64 0.2.1 94.00 OK
r-oldrel-windows-x86_64 0.2.1 9.00 112.00 121.00 OK

Check Details

Version: 0.2.1
Check: Rd cross-references
Result: NOTE Found the following Rd file(s) with Rd \link{} targets missing package anchors: sub-.epiflows.Rd: [.epicontacts Please provide package anchors for all Rd \link{} targets not in the package itself and the base packages. Flavors: r-devel-linux-x86_64-debian-clang, r-devel-linux-x86_64-debian-gcc, r-devel-windows-x86_64