CRAN Package Check Results for Package epiphy

Last updated on 2019-03-23 02:51:58 CET.

Flavor Version Tinstall Tcheck Ttotal Status Flags
r-devel-linux-x86_64-debian-clang 0.3.4 24.83 111.14 135.97 WARN
r-devel-linux-x86_64-debian-gcc 0.3.4 20.99 82.83 103.82 OK
r-devel-linux-x86_64-fedora-clang 0.3.4 181.08 OK
r-devel-linux-x86_64-fedora-gcc 0.3.4 154.42 OK
r-devel-windows-ix86+x86_64 0.3.4 72.00 213.00 285.00 OK
r-patched-linux-x86_64 0.3.4 22.48 103.20 125.68 OK
r-patched-solaris-x86 0.3.4 207.90 OK
r-release-linux-x86_64 0.3.4 21.46 102.01 123.47 OK
r-release-windows-ix86+x86_64 0.3.4 49.00 164.00 213.00 WARN
r-release-osx-x86_64 0.3.4 OK
r-oldrel-windows-ix86+x86_64 0.3.4 57.00 235.00 292.00 OK
r-oldrel-osx-x86_64 0.3.4 OK

Check Details

Version: 0.3.4
Check: whether package can be installed
Result: WARN
    Found the following significant warnings:
     Warning: unable to re-encode 'data.R' lines 56, 99, 162, 190, 211, 235, 256
     Warning: unable to re-encode 'utils.R' lines 108, 114, 115
     Warning: unable to re-encode 'epiphy.R' line 26
     Warning: unable to re-encode 'distr-fitting.R' line 100
     Warning: unable to re-encode 'indices.R' lines 95, 98, 103, 320
     Warning: unable to re-encode 'mapcomp.R' line 33
     Warning: unable to re-encode 'power-law.R' lines 48, 51, 56
     Warning: unable to re-encode 'sadie.R' lines 31, 33, 34, 39
Flavor: r-devel-linux-x86_64-debian-clang

Version: 0.3.4
Check: whether package can be installed
Result: WARN
    Found the following significant warnings:
     Warning: S3 methods '[.fun_list', '[.grouped_df', 'all.equal.tbl_df', 'anti_join.data.frame', 'anti_join.tbl_df', 'arrange.data.frame', 'arrange.default', 'arrange.grouped_df', 'arrange.tbl_df', 'arrange_.data.frame', 'arrange_.tbl_df', 'as.data.frame.grouped_df', 'as.data.frame.rowwise_df', 'as.data.frame.tbl_cube', 'as.table.tbl_cube', 'as.tbl.data.frame', 'as.tbl.tbl', 'as.tbl_cube.array', 'as.tbl_cube.data.frame', 'as.tbl_cube.matrix', 'as.tbl_cube.table', 'as_tibble.grouped_df', 'as_tibble.tbl_cube', 'auto_copy.tbl_cube', 'auto_copy.tbl_df', 'cbind.grouped_df', 'collapse.data.frame', 'collect.data.frame', 'common_by.NULL', 'common_by.character', 'common_by.default', 'common_by.list', 'compute.data.frame', 'copy_to.DBIConnection', 'copy_to.src_local', 'default_missing.data.frame', 'default_missing.default', 'dim.tbl_cube', 'distinct.data.frame', 'distinct.default', 'distinct.grouped_df', 'distinct.tbl_df', 'distinct_.data.frame', 'distinct_.grouped_df', 'distinct_.tbl_df', 'do.NULL', 'do.da [... truncated]
Flavor: r-release-windows-ix86+x86_64