CRAN Package Check Results for Package episensr

Last updated on 2019-02-17 21:47:31 CET.

Flavor Version Tinstall Tcheck Ttotal Status Flags
r-devel-linux-x86_64-debian-clang 0.9.3 12.61 100.73 113.34 OK
r-devel-linux-x86_64-debian-gcc 0.9.3 10.41 75.31 85.72 OK
r-devel-linux-x86_64-fedora-clang 0.9.3 135.57 OK
r-devel-linux-x86_64-fedora-gcc 0.9.3 133.82 OK
r-devel-windows-ix86+x86_64 0.9.3 22.00 112.00 134.00 OK
r-patched-linux-x86_64 0.9.3 10.91 94.71 105.62 OK
r-patched-solaris-x86 0.9.3 171.10 OK
r-release-linux-x86_64 0.9.3 OK
r-release-windows-ix86+x86_64 0.9.3 17.00 107.00 124.00 OK
r-release-osx-x86_64 0.9.3 OK
r-oldrel-windows-ix86+x86_64 0.9.2 9.00 122.00 131.00 OK
r-oldrel-osx-x86_64 0.9.3 ERROR

Check Details

Version: 0.9.3
Check: whether package can be installed
Result: ERROR
    Installation failed.
Flavor: r-oldrel-osx-x86_64