CRAN Package Check Results for Package episensr

Last updated on 2018-08-21 10:50:23 CEST.

Flavor Version Tinstall Tcheck Ttotal Status Flags
r-devel-linux-x86_64-debian-clang 0.9.2 8.87 90.07 98.94 NOTE
r-devel-linux-x86_64-debian-gcc 0.9.2 8.83 69.95 78.78 NOTE
r-devel-linux-x86_64-fedora-clang 0.9.2 123.62 NOTE
r-devel-linux-x86_64-fedora-gcc 0.9.2 114.69 NOTE
r-devel-windows-ix86+x86_64 0.9.2 20.00 97.00 117.00 OK
r-patched-linux-x86_64 0.9.2 9.73 83.30 93.03 NOTE
r-patched-solaris-x86 0.9.2 155.70 NOTE
r-release-linux-x86_64 0.9.2 7.69 83.61 91.30 NOTE
r-release-windows-ix86+x86_64 0.9.2 20.00 91.00 111.00 OK
r-release-osx-x86_64 0.9.2 NOTE
r-oldrel-windows-ix86+x86_64 0.9.2 6.00 154.00 160.00 OK
r-oldrel-osx-x86_64 0.9.2 NOTE

Check Details

Version: 0.9.2
Check: DESCRIPTION meta-information
Result: NOTE
    Dependence on R version ‘3.4.1’ not with patchlevel 0
Flavors: r-devel-linux-x86_64-debian-clang, r-devel-linux-x86_64-debian-gcc, r-devel-linux-x86_64-fedora-clang, r-devel-linux-x86_64-fedora-gcc, r-patched-linux-x86_64, r-release-linux-x86_64

Version: 0.9.2
Check: dependencies in R code
Result: NOTE
    Namespaces in Imports field not imported from:
     ‘llogistic’ ‘logitnorm’
     All declared Imports should be used.
Flavors: r-devel-linux-x86_64-fedora-clang, r-devel-linux-x86_64-fedora-gcc, r-patched-solaris-x86, r-release-osx-x86_64, r-oldrel-osx-x86_64