CRAN Package Check Results for Package episensr

Last updated on 2018-05-23 15:47:39 CEST.

Flavor Version Tinstall Tcheck Ttotal Status Flags
r-devel-linux-x86_64-debian-clang 0.9.2 11.41 82.50 93.91 NOTE
r-devel-linux-x86_64-debian-gcc 0.9.2 0.34 1.48 1.82 ERROR
r-devel-linux-x86_64-fedora-clang 0.9.2 113.21 NOTE
r-devel-linux-x86_64-fedora-gcc 0.9.2 111.02 NOTE
r-devel-windows-ix86+x86_64 0.9.2 15.00 133.00 148.00 OK
r-patched-linux-x86_64 0.9.2 8.40 79.81 88.21 NOTE
r-patched-solaris-x86 0.9.2 150.50 NOTE
r-release-linux-x86_64 0.9.2 9.31 80.15 89.46 NOTE
r-release-windows-ix86+x86_64 0.9.2 20.00 118.00 138.00 OK
r-release-osx-x86_64 0.9.2 NOTE
r-oldrel-windows-ix86+x86_64 0.9.2 8.00 134.00 142.00 OK
r-oldrel-osx-x86_64 0.9.2 NOTE

Check Details

Version: 0.9.2
Check: DESCRIPTION meta-information
Result: NOTE
    Dependence on R version ‘3.4.1’ not with patchlevel 0
Flavors: r-devel-linux-x86_64-debian-clang, r-devel-linux-x86_64-fedora-clang, r-devel-linux-x86_64-fedora-gcc, r-patched-linux-x86_64, r-release-linux-x86_64

Version: 0.9.2
Check: package dependencies
Result: ERROR
    Package required but not available: ‘ggplot2’
    
    See section ‘The DESCRIPTION file’ in the ‘Writing R Extensions’
    manual.
Flavor: r-devel-linux-x86_64-debian-gcc

Version: 0.9.2
Check: dependencies in R code
Result: NOTE
    Namespaces in Imports field not imported from:
     ‘llogistic’ ‘logitnorm’
     All declared Imports should be used.
Flavors: r-devel-linux-x86_64-fedora-clang, r-devel-linux-x86_64-fedora-gcc, r-patched-solaris-x86, r-release-osx-x86_64, r-oldrel-osx-x86_64