CRAN Package Check Results for Package episensr

Last updated on 2018-02-25 03:54:52 CET.

Flavor Version Tinstall Tcheck Ttotal Status Flags
r-devel-linux-x86_64-debian-clang 0.9.2 11.20 79.86 91.06 NOTE
r-devel-linux-x86_64-debian-gcc 0.9.2 8.30 62.13 70.43 NOTE
r-devel-linux-x86_64-fedora-clang 0.9.2 111.10 NOTE
r-devel-linux-x86_64-fedora-gcc 0.9.2 106.30 NOTE
r-devel-windows-ix86+x86_64 0.9.2 18.00 117.00 135.00 OK
r-patched-linux-x86_64 0.9.2 2.06 100.82 102.88 OK
r-patched-solaris-x86 0.9.2 140.00 NOTE
r-release-linux-x86_64 0.9.2 1.89 101.28 103.17 OK
r-release-windows-ix86+x86_64 0.9.2 7.00 136.00 143.00 OK
r-release-osx-x86_64 0.9.2 NOTE
r-oldrel-windows-ix86+x86_64 0.8.0 4.00 79.00 83.00 OK
r-oldrel-osx-x86_64 0.9.2 ERROR

Check Details

Version: 0.9.2
Check: DESCRIPTION meta-information
Result: NOTE
    Dependence on R version ‘3.4.1’ not with patchlevel 0
Flavors: r-devel-linux-x86_64-debian-clang, r-devel-linux-x86_64-debian-gcc, r-devel-linux-x86_64-fedora-clang, r-devel-linux-x86_64-fedora-gcc

Version: 0.9.2
Check: dependencies in R code
Result: NOTE
    Namespaces in Imports field not imported from:
     ‘llogistic’ ‘logitnorm’
     All declared Imports should be used.
Flavors: r-devel-linux-x86_64-fedora-clang, r-devel-linux-x86_64-fedora-gcc, r-patched-solaris-x86, r-release-osx-x86_64

Version: 0.9.2
Check: whether package can be installed
Result: ERROR
    Installation failed.
Flavor: r-oldrel-osx-x86_64