CRAN Package Check Results for Package episode

Last updated on 2019-02-20 13:46:24 CET.

Flavor Version Tinstall Tcheck Ttotal Status Flags
r-devel-linux-x86_64-debian-clang 1.0.0 193.37 73.29 266.66 WARN
r-devel-linux-x86_64-debian-gcc 1.0.0 155.69 54.94 210.63 OK
r-devel-linux-x86_64-fedora-clang 1.0.0 412.43 WARN
r-devel-linux-x86_64-fedora-gcc 1.0.0 379.19 OK
r-devel-windows-ix86+x86_64 1.0.0 509.00 168.00 677.00 OK
r-patched-linux-x86_64 1.0.0 OK
r-patched-solaris-x86 1.0.0 308.20 OK
r-release-linux-x86_64 1.0.0 OK
r-release-windows-ix86+x86_64 1.0.0 380.00 174.00 554.00 OK
r-release-osx-x86_64 1.0.0 NOTE
r-oldrel-windows-ix86+x86_64 1.0.0 517.00 157.00 674.00 OK
r-oldrel-osx-x86_64 1.0.0 NOTE

Additional issues

clang-UBSAN gcc-UBSAN valgrind

Check Details

Version: 1.0.0
Check: whether package can be installed
Result: WARN
    Found the following significant warnings:
     motor_param.cpp:257:5: warning: explicitly assigning value of variable of type 'arma::vec' (aka 'Col<double>') to itself [-Wself-assign-overloaded]
Flavors: r-devel-linux-x86_64-debian-clang, r-devel-linux-x86_64-fedora-clang

Version: 1.0.0
Check: installed package size
Result: NOTE
     installed size is 12.9Mb
     sub-directories of 1Mb or more:
     libs 12.6Mb
Flavors: r-devel-linux-x86_64-fedora-clang, r-release-osx-x86_64, r-oldrel-osx-x86_64