CRAN Package Check Results for Package episode

Last updated on 2018-11-20 19:47:41 CET.

Flavor Version Tinstall Tcheck Ttotal Status Flags
r-devel-linux-x86_64-debian-clang 1.0.0 209.50 70.95 280.45 WARN
r-devel-linux-x86_64-debian-gcc 1.0.0 171.41 53.60 225.01 OK
r-devel-linux-x86_64-fedora-clang 1.0.0 400.51 WARN
r-devel-linux-x86_64-fedora-gcc 1.0.0 364.44 OK
r-devel-windows-ix86+x86_64 1.0.0 524.00 119.00 643.00 OK
r-patched-linux-x86_64 1.0.0 213.16 70.49 283.65 OK
r-patched-solaris-x86 1.0.0 334.30 OK
r-release-linux-x86_64 1.0.0 200.28 68.99 269.27 OK
r-release-windows-ix86+x86_64 1.0.0 416.00 164.00 580.00 OK
r-release-osx-x86_64 1.0.0 NOTE
r-oldrel-windows-ix86+x86_64 1.0.0 496.00 154.00 650.00 OK
r-oldrel-osx-x86_64 1.0.0 NOTE

Additional issues

clang-UBSAN gcc-UBSAN valgrind

Check Details

Version: 1.0.0
Check: whether package can be installed
Result: WARN
    Found the following significant warnings:
     motor_param.cpp:257:5: warning: explicitly assigning value of variable of type 'arma::vec' (aka 'Col<double>') to itself [-Wself-assign-overloaded]
Flavors: r-devel-linux-x86_64-debian-clang, r-devel-linux-x86_64-fedora-clang

Version: 1.0.0
Check: installed package size
Result: NOTE
     installed size is 13.9Mb
     sub-directories of 1Mb or more:
     libs 13.6Mb
Flavors: r-devel-linux-x86_64-fedora-clang, r-release-osx-x86_64, r-oldrel-osx-x86_64