CRAN Package Check Results for Package episode

Last updated on 2018-08-21 21:51:02 CEST.

Flavor Version Tinstall Tcheck Ttotal Status Flags
r-devel-linux-x86_64-debian-clang 1.0.0 184.75 74.24 258.99 OK
r-devel-linux-x86_64-debian-gcc 1.0.0 170.04 57.19 227.23 OK
r-devel-linux-x86_64-fedora-clang 1.0.0 362.81 NOTE
r-devel-linux-x86_64-fedora-gcc 1.0.0 355.63 OK
r-devel-windows-ix86+x86_64 1.0.0 502.00 136.00 638.00 OK
r-patched-linux-x86_64 1.0.0 214.28 68.87 283.15 OK
r-patched-solaris-x86 1.0.0 307.40 OK
r-release-linux-x86_64 1.0.0 205.94 66.83 272.77 OK
r-release-windows-ix86+x86_64 1.0.0 500.00 129.00 629.00 OK
r-release-osx-x86_64 1.0.0 NOTE
r-oldrel-windows-ix86+x86_64 1.0.0 345.00 135.00 480.00 OK
r-oldrel-osx-x86_64 1.0.0 NOTE

Additional issues

clang-UBSAN gcc-UBSAN valgrind

Check Details

Version: 1.0.0
Check: installed package size
Result: NOTE
     installed size is 13.5Mb
     sub-directories of 1Mb or more:
     libs 13.1Mb
Flavors: r-devel-linux-x86_64-fedora-clang, r-release-osx-x86_64, r-oldrel-osx-x86_64