CRAN Package Check Results for Package episode

Last updated on 2018-05-23 04:48:33 CEST.

Flavor Version Tinstall Tcheck Ttotal Status Flags
r-devel-linux-x86_64-debian-clang 1.0.0 193.63 71.48 265.11 OK
r-devel-linux-x86_64-debian-gcc 1.0.0 155.25 53.69 208.94 OK
r-devel-linux-x86_64-fedora-clang 1.0.0 354.86 NOTE
r-devel-linux-x86_64-fedora-gcc 1.0.0 337.08 NOTE
r-devel-windows-ix86+x86_64 1.0.0 382.00 172.00 554.00 OK
r-patched-linux-x86_64 1.0.0 196.70 68.06 264.76 OK
r-patched-solaris-x86 1.0.0 307.20 OK
r-release-linux-x86_64 1.0.0 196.93 71.42 268.35 OK
r-release-windows-ix86+x86_64 1.0.0 502.00 156.00 658.00 OK
r-release-osx-x86_64 1.0.0 NOTE
r-oldrel-windows-ix86+x86_64 1.0.0 482.00 168.00 650.00 OK
r-oldrel-osx-x86_64 1.0.0 NOTE

Additional issues

clang-UBSAN gcc-UBSAN valgrind

Check Details

Version: 1.0.0
Check: installed package size
Result: NOTE
     installed size is 12.9Mb
     sub-directories of 1Mb or more:
     libs 12.6Mb
Flavors: r-devel-linux-x86_64-fedora-clang, r-devel-linux-x86_64-fedora-gcc, r-release-osx-x86_64, r-oldrel-osx-x86_64