CRAN Package Check Results for Package episode

Last updated on 2018-02-22 12:48:57 CET.

Flavor Version Tinstall Tcheck Ttotal Status Flags
r-devel-linux-x86_64-debian-clang 1.0.0 164.00 57.06 221.06 OK
r-devel-linux-x86_64-debian-gcc 1.0.0 137.62 52.57 190.19 OK
r-devel-linux-x86_64-fedora-clang 1.0.0 349.68 NOTE
r-devel-linux-x86_64-fedora-gcc 1.0.0 325.26 NOTE
r-devel-windows-ix86+x86_64 1.0.0 487.00 127.00 614.00 OK
r-patched-linux-x86_64 1.0.0 165.08 74.78 239.86 OK
r-patched-solaris-x86 1.0.0 314.80 OK
r-release-linux-x86_64 1.0.0 174.84 74.58 249.42 OK
r-release-windows-ix86+x86_64 1.0.0 529.00 167.00 696.00 OK
r-release-osx-x86_64 1.0.0 NOTE
r-oldrel-osx-x86_64 1.0.0 ERROR

Additional issues

clang-UBSAN gcc-UBSAN valgrind

Check Details

Version: 1.0.0
Check: installed package size
Result: NOTE
     installed size is 12.6Mb
     sub-directories of 1Mb or more:
     libs 12.3Mb
Flavors: r-devel-linux-x86_64-fedora-clang, r-devel-linux-x86_64-fedora-gcc, r-release-osx-x86_64

Version: 1.0.0
Check: package dependencies
Result: ERROR
    Packages required and available but unsuitable versions: ‘methods’ ‘stats’
    
    See section ‘The DESCRIPTION file’ in the ‘Writing R Extensions’
    manual.
Flavor: r-oldrel-osx-x86_64