CRAN Package Check Results for Package epitab

Last updated on 2018-05-23 16:48:02 CEST.

Flavor Version Tinstall Tcheck Ttotal Status Flags
r-devel-linux-x86_64-debian-clang 0.2.1 1.46 33.49 34.95 OK
r-devel-linux-x86_64-debian-gcc 0.2.1 0.23 1.47 1.70 ERROR
r-devel-linux-x86_64-fedora-clang 0.2.1 42.70 OK
r-devel-linux-x86_64-fedora-gcc 0.2.1 42.19 OK
r-devel-windows-ix86+x86_64 0.2.1 4.00 67.00 71.00 OK
r-patched-linux-x86_64 0.2.1 1.91 30.94 32.85 OK
r-patched-solaris-x86 0.2.1 61.80 OK
r-release-linux-x86_64 0.2.1 1.93 31.07 33.00 OK
r-release-windows-ix86+x86_64 0.2.1 5.00 62.00 67.00 OK
r-release-osx-x86_64 0.2.1 OK
r-oldrel-windows-ix86+x86_64 0.2.1 5.00 63.00 68.00 OK
r-oldrel-osx-x86_64 0.2.1 OK

Check Details

Version: 0.2.1
Check: package dependencies
Result: ERROR
    Package required but not available: ‘kableExtra’
    
    Package suggested but not available for checking: ‘dplyr’
    
    See section ‘The DESCRIPTION file’ in the ‘Writing R Extensions’
    manual.
Flavor: r-devel-linux-x86_64-debian-gcc