CRAN Package Check Results for Package epitab

Last updated on 2022-08-15 13:51:58 CEST.

Flavor Version Tinstall Tcheck Ttotal Status Flags
r-devel-linux-x86_64-debian-clang 0.2.2 3.08 37.26 40.34 NOTE
r-devel-linux-x86_64-debian-gcc 0.2.2 2.36 28.62 30.98 NOTE
r-devel-linux-x86_64-fedora-clang 0.2.2 59.67 NOTE
r-devel-linux-x86_64-fedora-gcc 0.2.2 58.39 NOTE
r-devel-windows-x86_64 0.2.2 12.00 65.00 77.00 NOTE
r-patched-linux-x86_64 0.2.2 2.54 35.85 38.39 NOTE
r-release-linux-x86_64 0.2.2 3.04 35.56 38.60 NOTE
r-release-macos-arm64 0.2.2 21.00 NOTE
r-release-macos-x86_64 0.2.2 36.00 NOTE
r-release-windows-x86_64 0.2.2 11.00 68.00 79.00 NOTE
r-oldrel-macos-arm64 0.2.2 25.00 NOTE
r-oldrel-macos-x86_64 0.2.2 31.00 NOTE
r-oldrel-windows-ix86+x86_64 0.2.2 8.00 59.00 67.00 NOTE

Check Details

Version: 0.2.2
Check: LazyData
Result: NOTE
     'LazyData' is specified without a 'data' directory
Flavors: r-devel-linux-x86_64-debian-clang, r-devel-linux-x86_64-debian-gcc, r-devel-linux-x86_64-fedora-clang, r-devel-linux-x86_64-fedora-gcc, r-devel-windows-x86_64, r-patched-linux-x86_64, r-release-linux-x86_64, r-release-macos-arm64, r-release-macos-x86_64, r-release-windows-x86_64, r-oldrel-macos-arm64, r-oldrel-macos-x86_64, r-oldrel-windows-ix86+x86_64