CRAN Package Check Results for Package epitable

Last updated on 2018-08-18 12:50:03 CEST.

Flavor Version Tinstall Tcheck Ttotal Status Flags
r-oldrel-osx-x86_64 0.1.2 NOTE

Check Details

Version: 0.1.2
Check: dependencies in R code
Result: NOTE
    Namespaces in Imports field not imported from:
     ‘magrittr’ ‘readr’
     All declared Imports should be used.
Flavor: r-oldrel-osx-x86_64