CRAN Package Check Results for Package eplusr

Last updated on 2021-04-23 08:47:21 CEST.

Flavor Version Tinstall Tcheck Ttotal Status Flags
r-devel-linux-x86_64-debian-clang 0.14.1 47.59 458.34 505.93 NOTE
r-devel-linux-x86_64-debian-gcc 0.14.1 38.61 257.69 296.30 NOTE
r-devel-linux-x86_64-fedora-clang 0.14.1 510.86 NOTE
r-devel-linux-x86_64-fedora-gcc 0.14.1 423.95 NOTE
r-devel-windows-ix86+x86_64 0.14.1 75.00 317.00 392.00 NOTE
r-devel-windows-x86_64-gcc10-UCRT 0.14.1 NOTE
r-patched-linux-x86_64 0.14.1 45.69 324.31 370.00 NOTE
r-patched-solaris-x86 0.14.1 490.40 OK
r-release-linux-x86_64 0.14.1 41.86 314.47 356.33 OK
r-release-macos-x86_64 0.14.1 OK
r-release-windows-ix86+x86_64 0.14.1 72.00 252.00 324.00 OK
r-oldrel-macos-x86_64 0.14.1 OK
r-oldrel-windows-ix86+x86_64 0.14.1 66.00 311.00 377.00 OK

Check Details

Version: 0.14.1
Check: LazyData
Result: NOTE
     'LazyData' is specified without a 'data' directory
Flavors: r-devel-linux-x86_64-debian-clang, r-devel-linux-x86_64-debian-gcc, r-devel-linux-x86_64-fedora-clang, r-devel-linux-x86_64-fedora-gcc, r-devel-windows-ix86+x86_64, r-devel-windows-x86_64-gcc10-UCRT, r-patched-linux-x86_64

Version: 0.14.1
Check: package dependencies
Result: NOTE
    Package suggested but not available for checking: 'rgl'
Flavor: r-devel-windows-x86_64-gcc10-UCRT

Version: 0.14.1
Check: Rd cross-references
Result: NOTE
    Package unavailable to check Rd xrefs: 'rgl'
Flavor: r-devel-windows-x86_64-gcc10-UCRT