CRAN Package Check Results for Package epoc

Last updated on 2024-03-05 01:54:52 CET.

Flavor Version Tinstall Tcheck Ttotal Status Flags
r-devel-linux-x86_64-debian-clang 0.2.6-1.1 8.33 78.03 86.36 OK
r-devel-linux-x86_64-debian-gcc 0.2.6-1.1 7.72 58.96 66.68 OK
r-devel-linux-x86_64-fedora-clang 0.2.6-1.1 105.40 OK
r-devel-linux-x86_64-fedora-gcc 0.2.6-1.1 102.50 OK
r-devel-windows-x86_64 0.2.6-1.1 8.00 74.00 82.00 OK
r-patched-linux-x86_64 0.2.6-1.1 9.68 74.93 84.61 OK
r-release-linux-x86_64 0.2.6-1.1 9.58 76.82 86.40 OK
r-release-macos-arm64 0.2.6-1.1 35.00 OK
r-release-macos-x86_64 0.2.6-1.1 57.00 NOTE
r-release-windows-x86_64 0.2.6-1.1 10.00 80.00 90.00 OK
r-oldrel-macos-arm64 0.2.6-1.1 35.00 OK
r-oldrel-windows-x86_64 0.2.6-1.1 11.00 86.00 97.00 OK

Check Details

Version: 0.2.6-1.1
Check: package dependencies
Result: NOTE Package suggested but not available for checking: ‘graph’ Flavor: r-release-macos-x86_64