CRAN Package Check Results for Package epos

Last updated on 2022-07-03 03:49:55 CEST.

Flavor Version Tinstall Tcheck Ttotal Status Flags
r-devel-linux-x86_64-debian-clang 1.0 13.61 138.80 152.41 OK
r-devel-linux-x86_64-debian-gcc 1.0 10.11 104.91 115.02 OK
r-devel-linux-x86_64-fedora-clang 1.0 194.67 WARN
r-devel-linux-x86_64-fedora-gcc 1.0 190.87 WARN
r-devel-windows-x86_64 1.0 35.00 176.00 211.00 OK
r-patched-linux-x86_64 1.0 9.08 131.15 140.23 OK
r-release-linux-x86_64 1.0 13.64 131.53 145.17 OK
r-release-macos-arm64 1.0 54.00 NOTE
r-release-macos-x86_64 1.0 88.00 NOTE
r-release-windows-x86_64 1.0 32.00 173.00 205.00 OK
r-oldrel-macos-arm64 1.0 57.00 NOTE
r-oldrel-macos-x86_64 1.0 103.00 NOTE
r-oldrel-windows-ix86+x86_64 1.0 35.00 158.00 193.00 OK

Check Details

Version: 1.0
Check: package dependencies
Result: WARN
    Requires (indirectly) orphaned package: ‘gtools’
Flavors: r-devel-linux-x86_64-fedora-clang, r-devel-linux-x86_64-fedora-gcc

Version: 1.0
Check: dependencies in R code
Result: NOTE
    Namespace in Imports field not imported from: ‘testthat’
     All declared Imports should be used.
Flavors: r-devel-linux-x86_64-fedora-clang, r-devel-linux-x86_64-fedora-gcc, r-release-macos-arm64, r-release-macos-x86_64, r-oldrel-macos-arm64, r-oldrel-macos-x86_64

Version: 1.0
Check: data for non-ASCII characters
Result: NOTE
     Note: found 15 marked UTF-8 strings
Flavors: r-devel-linux-x86_64-fedora-clang, r-devel-linux-x86_64-fedora-gcc, r-release-macos-arm64, r-release-macos-x86_64, r-oldrel-macos-arm64, r-oldrel-macos-x86_64