CRAN Package Check Results for Package eqs2lavaan

Last updated on 2018-05-24 09:49:38 CEST.

Flavor Version Tinstall Tcheck Ttotal Status Flags
r-devel-linux-x86_64-debian-clang 3.0 1.83 23.51 25.34 NOTE
r-devel-linux-x86_64-debian-gcc 3.0 1.73 21.04 22.77 NOTE
r-devel-linux-x86_64-fedora-clang 3.0 34.50 NOTE
r-devel-linux-x86_64-fedora-gcc 3.0 32.46 NOTE
r-devel-windows-ix86+x86_64 3.0 4.00 38.00 42.00 NOTE
r-patched-linux-x86_64 3.0 1.44 25.16 26.60 NOTE
r-patched-solaris-x86 3.0 55.00 NOTE
r-release-linux-x86_64 3.0 2.22 25.04 27.26 NOTE
r-release-windows-ix86+x86_64 3.0 6.00 39.00 45.00 NOTE
r-release-osx-x86_64 3.0 NOTE
r-oldrel-windows-ix86+x86_64 3.0 7.00 48.00 55.00 NOTE
r-oldrel-osx-x86_64 3.0 NOTE

Check Details

Version: 3.0
Check: R code for possible problems
Result: NOTE
    eqs2lavaan: no visible global function definition for ‘ignore.case’
    eqs2lavaan: no visible global function definition for ‘str_join’
    eqs2lavaan: no visible binding for global variable ‘r’
    eqsCorr: no visible global function definition for ‘cov2cor’
    plotCov: no visible global function definition for ‘cov2cor’
    plotCov: no visible global function definition for ‘par’
    plotCov: no visible global function definition for ‘image’
    plotCov: no visible global function definition for ‘axis’
    Undefined global functions or variables:
     axis cov2cor ignore.case image par r str_join
    Consider adding
     importFrom("graphics", "axis", "image", "par")
     importFrom("stats", "cov2cor")
    to your NAMESPACE file.
Flavors: r-devel-linux-x86_64-debian-clang, r-devel-linux-x86_64-debian-gcc, r-devel-linux-x86_64-fedora-clang, r-devel-linux-x86_64-fedora-gcc, r-devel-windows-ix86+x86_64, r-patched-linux-x86_64, r-patched-solaris-x86, r-release-linux-x86_64, r-release-windows-ix86+x86_64, r-release-osx-x86_64, r-oldrel-windows-ix86+x86_64

Version: 3.0
Check: R code for possible problems
Result: NOTE
    eqs2lavaan: no visible binding for global variable ‘r’
    eqsCorr: no visible global function definition for ‘cov2cor’
    plotCov: no visible global function definition for ‘cov2cor’
    plotCov: no visible global function definition for ‘par’
    plotCov: no visible global function definition for ‘image’
    plotCov: no visible global function definition for ‘axis’
    Undefined global functions or variables:
     axis cov2cor image par r
    Consider adding
     importFrom("graphics", "axis", "image", "par")
     importFrom("stats", "cov2cor")
    to your NAMESPACE file.
Flavor: r-oldrel-osx-x86_64