CRAN Package Check Results for Package equaltestMI

Last updated on 2024-07-23 15:48:08 CEST.

Flavor Version Tinstall Tcheck Ttotal Status Flags
r-devel-linux-x86_64-debian-clang 0.6.1 3.12 52.01 55.13 OK
r-devel-linux-x86_64-debian-gcc 0.6.1 3.60 39.21 42.81 OK
r-devel-linux-x86_64-fedora-clang 0.6.1 72.31 NOTE
r-devel-linux-x86_64-fedora-gcc 0.6.1 81.00 OK
r-devel-windows-x86_64 0.6.1 6.00 67.00 73.00 OK
r-patched-linux-x86_64 0.6.1 3.45 49.29 52.74 OK
r-release-linux-x86_64 0.6.1 3.56 48.99 52.55 OK
r-release-macos-arm64 0.6.1 29.00 OK
r-release-macos-x86_64 0.6.1 73.00 OK
r-release-windows-x86_64 0.6.1 5.00 67.00 72.00 OK
r-oldrel-macos-arm64 0.6.1 30.00 OK
r-oldrel-macos-x86_64 0.6.1 48.00 NOTE
r-oldrel-windows-x86_64 0.6.1 4.00 69.00 73.00 OK

Check Details

Version: 0.6.1
Check: Rd cross-references
Result: NOTE Undeclared package ‘OpenMx’ in Rd xrefs Flavor: r-devel-linux-x86_64-fedora-clang

Version: 0.6.1
Check: package dependencies
Result: NOTE Package suggested but not available for checking: ‘semTools’ Flavor: r-oldrel-macos-x86_64

Version: 0.6.1
Check: Rd cross-references
Result: NOTE Packages unavailable to check Rd xrefs: ‘OpenMx’, ‘semTools’ Flavor: r-oldrel-macos-x86_64