CRAN Package Check Results for Package equaltestMI

Last updated on 2018-02-25 19:48:57 CET.

Flavor Version Tinstall Tcheck Ttotal Status Flags
r-devel-linux-x86_64-debian-clang 0.1.0 2.02 37.15 39.17 OK
r-devel-linux-x86_64-debian-gcc 0.1.0 2.13 29.20 31.33 OK
r-devel-linux-x86_64-fedora-clang 0.1.0 48.16 OK
r-devel-linux-x86_64-fedora-gcc 0.1.0 47.20 OK
r-devel-windows-ix86+x86_64 0.1.0 7.00 62.00 69.00 OK
r-patched-linux-x86_64 0.1.0 1.42 51.89 53.31 OK
r-patched-solaris-x86 0.1.0 79.30 NOTE
r-release-linux-x86_64 0.1.0 1.46 51.86 53.32 OK
r-release-windows-ix86+x86_64 0.1.0 4.00 82.00 86.00 OK
r-release-osx-x86_64 0.1.0 OK
r-oldrel-windows-ix86+x86_64 0.1.0 3.00 48.00 51.00 OK
r-oldrel-osx-x86_64 0.1.0 OK

Check Details

Version: 0.1.0
Check: Rd cross-references
Result: NOTE
    Packages unavailable to check Rd xrefs: ‘MBESS’, ‘OpenMx’
Flavor: r-patched-solaris-x86