CRAN Package Check Results for Package equatags

Last updated on 2022-07-06 12:53:34 CEST.

Flavor Version Tinstall Tcheck Ttotal Status Flags
r-devel-linux-x86_64-debian-clang 0.2.0 3.65 34.35 38.00 OK
r-devel-linux-x86_64-debian-gcc 0.2.0 2.65 26.45 29.10 OK
r-devel-linux-x86_64-fedora-clang 0.2.0 56.91 OK
r-devel-linux-x86_64-fedora-gcc 0.2.0 56.45 OK
r-devel-windows-x86_64 0.2.0 11.00 58.00 69.00 OK
r-patched-linux-x86_64 0.2.0 3.24 33.84 37.08 OK
r-release-linux-x86_64 0.2.0 3.09 33.70 36.79 OK
r-release-macos-arm64 0.2.0 19.00 OK
r-release-macos-x86_64 0.2.0 6.00 ERROR
r-release-windows-x86_64 0.2.0 12.00 60.00 72.00 OK
r-oldrel-macos-arm64 0.2.0 18.00 OK
r-oldrel-macos-x86_64 0.2.0 26.00 OK
r-oldrel-windows-ix86+x86_64 0.2.0 11.00 62.00 73.00 OK

Check Details

Version: 0.2.0
Check: package dependencies
Result: ERROR
    Package required but not available: ‘katex’
    
    See section ‘The DESCRIPTION file’ in the ‘Writing R Extensions’
    manual.
Flavor: r-release-macos-x86_64