Last updated on 2021-02-25 10:47:34 CET.
Flavor | Version | Tinstall | Tcheck | Ttotal | Status | Flags |
---|---|---|---|---|---|---|
r-devel-linux-x86_64-debian-clang | 2.0.7 | 7.21 | 99.72 | 106.93 | NOTE | |
r-devel-linux-x86_64-debian-gcc | 2.0.7 | 4.69 | 70.57 | 75.26 | NOTE | |
r-devel-linux-x86_64-fedora-clang | 2.0.7 | 135.72 | NOTE | |||
r-devel-linux-x86_64-fedora-gcc | 2.0.7 | 119.80 | NOTE | |||
r-devel-windows-ix86+x86_64 | 2.0.7 | 11.00 | 95.00 | 106.00 | NOTE | |
r-patched-linux-x86_64 | 2.0.7 | 5.57 | 92.03 | 97.60 | NOTE | |
r-patched-solaris-x86 | 2.0.7 | 157.90 | NOTE | |||
r-release-linux-x86_64 | 2.0.7 | 5.89 | 92.20 | 98.09 | NOTE | |
r-release-macos-x86_64 | 2.0.7 | NOTE | ||||
r-release-windows-ix86+x86_64 | 2.0.7 | 10.00 | 85.00 | 95.00 | NOTE | |
r-oldrel-macos-x86_64 | 2.0.7 | NOTE | ||||
r-oldrel-windows-ix86+x86_64 | 2.0.7 | 9.00 | 125.00 | 134.00 | NOTE |
Version: 2.0.7
Check: files in ‘vignettes’
Result: NOTE
The following files contain a license that requires
distribution of original sources:
'upgreek.sty'
Please ensure that you have complied with it.
Flavors: r-devel-linux-x86_64-debian-clang, r-devel-linux-x86_64-debian-gcc, r-devel-linux-x86_64-fedora-clang, r-devel-linux-x86_64-fedora-gcc, r-devel-windows-ix86+x86_64, r-patched-linux-x86_64, r-patched-solaris-x86, r-release-linux-x86_64, r-release-macos-x86_64, r-release-windows-ix86+x86_64, r-oldrel-macos-x86_64, r-oldrel-windows-ix86+x86_64