CRAN Package Check Results for Package equateIRT

Last updated on 2018-02-19 13:47:39 CET.

Flavor Version Tinstall Tcheck Ttotal Status Flags
r-devel-linux-x86_64-debian-clang 2.0-4 7.26 179.06 186.32 OK
r-devel-linux-x86_64-debian-gcc 2.0-4 7.64 151.70 159.34 OK
r-devel-linux-x86_64-fedora-clang 2.0-4 257.21 OK
r-devel-linux-x86_64-fedora-gcc 2.0-4 249.98 OK
r-devel-windows-ix86+x86_64 2.0-4 11.00 241.00 252.00 OK
r-patched-linux-x86_64 2.0-4 4.40 277.82 282.22 OK
r-patched-solaris-x86 2.0-4 537.60 OK
r-release-linux-x86_64 2.0-4 5.06 278.36 283.42 OK
r-release-windows-ix86+x86_64 2.0-4 14.00 397.00 411.00 OK
r-release-osx-x86_64 2.0-4 OK
r-oldrel-windows-ix86+x86_64 2.0-4 13.00 385.00 398.00 OK
r-oldrel-osx-x86_64 2.0-4 NOTE

Check Details

Version: 2.0-4
Check: re-building of vignette outputs
Result: NOTE
    Error in re-building vignettes:
     ...
    See the LaTeX manual or LaTeX Companion for explanation.
    Type H <return> for immediate help.
     ...
    ! Extra }, or forgotten \endgroup.
    l.15 ...<e5><81>h ԂXqI<a9><c9><c0>H^^H<b5>N<93>K<c6>C<99><e0>^^D_i<aa>:<d3>&<96><df><e2><d7>9<dc><e7>/}
     <c4>v,Gg!<c6>wν<ba><e7><9e><df>=<f7>|\ydkk<8b>N.<8d>...
    I've deleted a group-closing symbol because it seems to be
    spurious, as in `$x}$'. But perhaps the } is legitimate and
    ! Undefined control sequence.
    l.15 ...<99><e0>^^D_i<aa>:<d3>&<96><df><
    Calls: buildVignettes -> texi2pdf -> texi2dvi
    In addition: Warning messages:
    1: Argument mod1 is deprecated; please use mods and which instead.
    2: Argument mod2 is deprecated; please use mods and which instead.
    3: In grepl("(Rerun to get|biblatex.*\\(re\\)run)", readLines(log, :
     input string 390 is invalid in this locale
    4: In grepl("(Rerun to get|biblatex.*\\(re\\)run)", readLines(log, :
     input string 391 is invalid in this locale
    5: In grepl("(Rerun to get|biblatex.*\\(re\\)run)", readLines(log, :
     input string 405 is invalid in this locale
    6: In grepl("(Rerun to get|biblatex.*\\(re\\)run)", readLines(log, :
     input string 406 is invalid in this locale
    7: In grepl("(Rerun to get|biblatex.*\\(re\\)run)", readLines(log, :
     input string 412 is invalid in this locale
    Execution halted
Flavor: r-oldrel-osx-x86_64