CRAN Package Check Results for Package equateMultiple

Last updated on 2018-11-21 13:48:24 CET.

Flavor Version Tinstall Tcheck Ttotal Status Flags
r-devel-linux-x86_64-debian-clang 0.0.0 33.89 119.66 153.55 NOTE
r-devel-linux-x86_64-debian-gcc 0.0.0 30.82 95.14 125.96 NOTE
r-devel-linux-x86_64-fedora-clang 0.0.0 196.05 NOTE
r-devel-linux-x86_64-fedora-gcc 0.0.0 188.43 NOTE
r-devel-windows-ix86+x86_64 0.0.0 88.00 166.00 254.00 OK
r-patched-linux-x86_64 0.0.0 38.81 119.46 158.27 OK
r-patched-solaris-x86 0.0.0 348.40 OK
r-release-linux-x86_64 0.0.0 36.77 120.02 156.79 OK
r-release-windows-ix86+x86_64 0.0.0 73.00 242.00 315.00 OK
r-release-osx-x86_64 0.0.0 OK
r-oldrel-windows-ix86+x86_64 0.0.0 88.00 260.00 348.00 OK
r-oldrel-osx-x86_64 0.0.0 OK

Check Details

Version: 0.0.0
Check: use of SHLIB_OPENMP_*FLAGS in Makefiles
Result: NOTE
     src/Makevars: SHLIB_OPENMP_CXXFLAGS is included in PKG_CXXFLAGS but not in PKG_LIBS
     src/Makevars: SHLIB_OPENMP_CFLAGS is included in PKG_LIBS but not in PKG_CFLAGS
     src/Makevars.win: SHLIB_OPENMP_CXXFLAGS is included in PKG_CXXFLAGS but not in PKG_LIBS
     src/Makevars.win: SHLIB_OPENMP_CFLAGS is included in PKG_LIBS but not in PKG_CFLAGS
    Use of these macros is discussed in sect 1.2.1.1 of ‘Writing R
    Extensions’. The macros for different languages may differ so the
    matching macro must be used in PKG_CXXFLAGS (etc) and match that used
    in PKG_LIBS (except for F77: see the manual).
Flavors: r-devel-linux-x86_64-debian-clang, r-devel-linux-x86_64-debian-gcc, r-devel-linux-x86_64-fedora-clang, r-devel-linux-x86_64-fedora-gcc