CRAN Package Check Results for Package equateMultiple

Last updated on 2018-08-20 09:47:36 CEST.

Flavor Version Tinstall Tcheck Ttotal Status Flags
r-devel-linux-x86_64-debian-clang 0.0.0 33.97 132.01 165.98 OK
r-devel-linux-x86_64-debian-gcc 0.0.0 33.05 107.24 140.29 OK
r-devel-linux-x86_64-fedora-clang 0.0.0 205.99 NOTE
r-devel-linux-x86_64-fedora-gcc 0.0.0 205.73 NOTE
r-devel-windows-ix86+x86_64 0.0.0 88.00 255.00 343.00 OK
r-patched-linux-x86_64 0.0.0 40.53 119.66 160.19 OK
r-patched-solaris-x86 0.0.0 355.00 OK
r-release-linux-x86_64 0.0.0 33.44 119.66 153.10 OK
r-release-windows-ix86+x86_64 0.0.0 93.00 248.00 341.00 OK
r-release-osx-x86_64 0.0.0 OK
r-oldrel-windows-ix86+x86_64 0.0.0 60.00 217.00 277.00 OK
r-oldrel-osx-x86_64 0.0.0 OK

Check Details

Version: 0.0.0
Check: use of SHLIB_OPENMP_*FLAGS in Makefiles
Result: NOTE
     src/Makevars: SHLIB_OPENMP_CXXFLAGS is included in PKG_CXXFLAGS but not in PKG_LIBS
     src/Makevars: SHLIB_OPENMP_CFLAGS is included in PKG_LIBS but not in PKG_CFLAGS
     src/Makevars.win: SHLIB_OPENMP_CXXFLAGS is included in PKG_CXXFLAGS but not in PKG_LIBS
     src/Makevars.win: SHLIB_OPENMP_CFLAGS is included in PKG_LIBS but not in PKG_CFLAGS
    Use of these macros is discussed in sect 1.2.1.1 of ‘Writing R
    Extensions’. The macros for different languages may differ so the
    matching macro must be used in PKG_CXXFLAGS (etc) and match that used
    in PKG_LIBS (except for F77: see the manual).
Flavors: r-devel-linux-x86_64-fedora-clang, r-devel-linux-x86_64-fedora-gcc