CRAN Package Check Results for Package equivalence

Last updated on 2023-09-26 13:08:30 CEST.

Flavor Version Tinstall Tcheck Ttotal Status Flags
r-devel-linux-x86_64-debian-clang 0.7.2 8.97 64.46 73.43 OK
r-devel-linux-x86_64-debian-gcc 0.7.2 6.98 48.10 55.08 OK
r-devel-linux-x86_64-fedora-clang 0.7.2 88.36 NOTE
r-devel-linux-x86_64-fedora-gcc 0.7.2 84.92 NOTE
r-devel-windows-x86_64 0.7.2 12.00 72.00 84.00 OK
r-patched-linux-x86_64 0.7.2 13.49 60.91 74.40 OK
r-release-linux-x86_64 0.7.2 6.99 62.20 69.19 OK
r-release-macos-arm64 0.7.2 29.00 OK
r-release-macos-x86_64 0.7.2 46.00 OK
r-release-windows-x86_64 0.7.2 15.00 79.00 94.00 OK
r-oldrel-macos-arm64 0.7.2 33.00 OK
r-oldrel-macos-x86_64 0.7.2 58.00 OK
r-oldrel-windows-x86_64 0.7.2 14.00 81.00 95.00 OK

Check Details

Version: 0.7.2
Check: compiled code
Result: NOTE
    File ‘equivalence/libs/equivalence.so’:
     Found no calls to: ‘R_registerRoutines’, ‘R_useDynamicSymbols’
    
    It is good practice to register native routines and to disable symbol
    search.
    
    See ‘Writing portable packages’ in the ‘Writing R Extensions’ manual.
Flavors: r-devel-linux-x86_64-fedora-clang, r-devel-linux-x86_64-fedora-gcc