CRAN Package Check Results for Package equivalence

Last updated on 2022-10-01 11:49:25 CEST.

Flavor Version Tinstall Tcheck Ttotal Status Flags
r-devel-linux-x86_64-debian-clang 0.7.2 8.16 71.70 79.86 OK
r-devel-linux-x86_64-debian-gcc 0.7.2 5.83 52.97 58.80 OK
r-devel-linux-x86_64-fedora-clang 0.7.2 110.68 NOTE
r-devel-linux-x86_64-fedora-gcc 0.7.2 111.27 NOTE
r-devel-windows-x86_64 0.7.2 37.00 97.00 134.00 OK
r-patched-linux-x86_64 0.7.2 13.31 66.55 79.86 OK
r-release-linux-x86_64 0.7.2 7.88 65.89 73.77 OK
r-release-macos-arm64 0.7.2 33.00 OK
r-release-macos-x86_64 0.7.2 58.00 OK
r-release-windows-x86_64 0.7.2 36.00 96.00 132.00 OK
r-oldrel-macos-arm64 0.7.2 39.00 OK
r-oldrel-macos-x86_64 0.7.2 51.00 OK
r-oldrel-windows-ix86+x86_64 0.7.2 23.00 113.00 136.00 OK

Check Details

Version: 0.7.2
Check: compiled code
Result: NOTE
    File ‘equivalence/libs/equivalence.so’:
     Found no calls to: ‘R_registerRoutines’, ‘R_useDynamicSymbols’
    
    It is good practice to register native routines and to disable symbol
    search.
    
    See ‘Writing portable packages’ in the ‘Writing R Extensions’ manual.
Flavors: r-devel-linux-x86_64-fedora-clang, r-devel-linux-x86_64-fedora-gcc