CRAN Package Check Results for Package erah

Last updated on 2018-09-24 15:50:10 CEST.

Flavor Version Tinstall Tcheck Ttotal Status Flags
r-devel-linux-x86_64-debian-clang 1.1.0 11.96 99.52 111.48 OK
r-devel-linux-x86_64-debian-gcc 1.1.0 9.57 64.79 74.36 OK
r-devel-linux-x86_64-fedora-clang 1.1.0 130.40 OK
r-devel-linux-x86_64-fedora-gcc 1.1.0 127.29 OK
r-devel-windows-ix86+x86_64 1.1.0 27.00 216.00 243.00 OK
r-patched-linux-x86_64 1.1.0 9.27 85.77 95.04 OK
r-patched-solaris-x86 1.1.0 159.70 NOTE
r-release-linux-x86_64 1.1.0 9.08 84.68 93.76 OK
r-release-windows-ix86+x86_64 1.1.0 32.00 285.00 317.00 OK
r-release-osx-x86_64 1.1.0 NOTE
r-oldrel-windows-ix86+x86_64 1.1.0 16.00 154.00 170.00 OK
r-oldrel-osx-x86_64 1.1.0 OK

Check Details

Version: 1.1.0
Check: package dependencies
Result: NOTE
    Package suggested but not available for checking: ‘mzR’
Flavors: r-patched-solaris-x86, r-release-osx-x86_64