CRAN Package Check Results for Package erah

Last updated on 2018-06-20 17:48:35 CEST.

Flavor Version Tinstall Tcheck Ttotal Status Flags
r-devel-linux-x86_64-debian-clang 1.0.5 10.71 100.36 111.07 OK
r-devel-linux-x86_64-debian-gcc 1.0.5 7.70 78.99 86.69 OK
r-devel-linux-x86_64-fedora-clang 1.0.5 127.90 OK
r-devel-linux-x86_64-fedora-gcc 1.0.5 123.70 OK
r-devel-windows-ix86+x86_64 1.0.5 26.00 96.00 122.00 OK
r-patched-linux-x86_64 1.0.5 7.46 84.81 92.27 OK
r-patched-solaris-x86 1.0.5 160.70 NOTE
r-release-linux-x86_64 1.0.5 8.70 83.91 92.61 OK
r-release-windows-ix86+x86_64 1.0.5 16.00 114.00 130.00 OK
r-release-osx-x86_64 1.0.5 NOTE
r-oldrel-windows-ix86+x86_64 1.0.5 11.00 94.00 105.00 OK
r-oldrel-osx-x86_64 1.0.5 NOTE

Check Details

Version: 1.0.5
Check: package dependencies
Result: NOTE
    Package suggested but not available for checking: ‘mzR’
Flavors: r-patched-solaris-x86, r-release-osx-x86_64, r-oldrel-osx-x86_64