CRAN Package Check Results for Package erah

Last updated on 2018-01-18 01:48:38 CET.

Flavor Version Tinstall Tcheck Ttotal Status Flags
r-devel-linux-x86_64-debian-clang 1.0.5 5.76 78.96 84.72 OK
r-devel-linux-x86_64-debian-gcc 1.0.5 4.30 65.24 69.54 OK
r-devel-linux-x86_64-fedora-clang 1.0.5 101.56 NOTE
r-devel-linux-x86_64-fedora-gcc 1.0.5 117.03 NOTE
r-devel-windows-ix86+x86_64 1.0.5 13.00 97.00 110.00 NOTE
r-patched-linux-x86_64 1.0.5 4.60 91.68 96.28 OK
r-patched-solaris-x86 1.0.5 180.70 NOTE
r-release-linux-x86_64 1.0.5 4.60 90.73 95.33 OK
r-release-windows-ix86+x86_64 1.0.5 13.00 88.00 101.00 OK
r-release-osx-x86_64 1.0.5 NOTE
r-oldrel-windows-ix86+x86_64 1.0.5 17.00 87.00 104.00 OK
r-oldrel-osx-x86_64 1.0.5 OK

Check Details

Version: 1.0.5
Check: package dependencies
Result: NOTE
    Package suggested but not available for checking: ‘mzR’
Flavors: r-devel-linux-x86_64-fedora-clang, r-devel-linux-x86_64-fedora-gcc, r-devel-windows-ix86+x86_64, r-patched-solaris-x86, r-release-osx-x86_64