CRAN Package Check Results for Package erah

Last updated on 2018-12-18 14:47:17 CET.

Flavor Version Tinstall Tcheck Ttotal Status Flags
r-devel-linux-x86_64-debian-clang 1.1.0 8.77 88.73 97.50 OK
r-devel-linux-x86_64-debian-gcc 1.1.0 9.28 70.43 79.71 OK
r-devel-linux-x86_64-fedora-clang 1.1.0 114.60 OK
r-devel-linux-x86_64-fedora-gcc 1.1.0 111.52 OK
r-devel-windows-ix86+x86_64 1.1.0 30.00 157.00 187.00 OK
r-patched-linux-x86_64 1.1.0 10.67 85.52 96.19 OK
r-patched-solaris-x86 1.1.0 168.30 NOTE
r-release-linux-x86_64 1.1.0 8.12 85.18 93.30 OK
r-release-windows-ix86+x86_64 1.1.0 31.00 152.00 183.00 OK
r-release-osx-x86_64 1.1.0 NOTE
r-oldrel-windows-ix86+x86_64 1.1.0 22.00 155.00 177.00 OK
r-oldrel-osx-x86_64 1.1.0 OK

Check Details

Version: 1.1.0
Check: package dependencies
Result: NOTE
    Package suggested but not available for checking: ‘mzR’
Flavors: r-patched-solaris-x86, r-release-osx-x86_64