Last updated on 2021-01-19 15:49:56 CET.
Flavor | Version | Tinstall | Tcheck | Ttotal | Status | Flags |
---|---|---|---|---|---|---|
r-devel-linux-x86_64-debian-clang | 3.11.0 | 56.95 | 817.10 | 874.05 | OK | |
r-devel-linux-x86_64-debian-gcc | 3.11.0 | 46.37 | 598.77 | 645.14 | OK | |
r-devel-linux-x86_64-fedora-clang | 3.11.0 | 1126.45 | NOTE | |||
r-devel-linux-x86_64-fedora-gcc | 3.11.0 | 1115.21 | OK | |||
r-devel-windows-ix86+x86_64 | 3.11.0 | 117.00 | 168.00 | 285.00 | OK | --no-examples --no-tests --no-vignettes |
r-patched-linux-x86_64 | 3.11.0 | 54.40 | 795.32 | 849.72 | OK | |
r-patched-solaris-x86 | 3.11.0 | 1145.20 | OK | |||
r-release-linux-x86_64 | 3.11.0 | 53.44 | 793.41 | 846.85 | OK | |
r-release-macos-x86_64 | 3.11.0 | NOTE | ||||
r-release-windows-ix86+x86_64 | 3.11.0 | 124.00 | 174.00 | 298.00 | OK | --no-examples --no-tests --no-vignettes |
r-oldrel-macos-x86_64 | 3.11.0 | NOTE | ||||
r-oldrel-windows-ix86+x86_64 | 3.11.0 | 103.00 | 162.00 | 265.00 | OK | --no-examples --no-tests --no-vignettes |
Version: 3.11.0
Check: installed package size
Result: NOTE
installed size is 5.7Mb
sub-directories of 1Mb or more:
doc 1.6Mb
libs 2.1Mb
Flavors: r-devel-linux-x86_64-fedora-clang, r-release-macos-x86_64, r-oldrel-macos-x86_64
Version: 3.11.0
Check: package dependencies
Result: NOTE
Package suggested but not available for checking: ‘Rmpi’
Flavors: r-release-macos-x86_64, r-oldrel-macos-x86_64