Last updated on 2021-01-26 17:50:00 CET.
Flavor | Version | Tinstall | Tcheck | Ttotal | Status | Flags |
---|---|---|---|---|---|---|
r-devel-linux-x86_64-debian-clang | 0.3-0 | 120.70 | 199.65 | 320.35 | OK | |
r-devel-linux-x86_64-debian-gcc | 0.3-0 | 84.65 | 147.07 | 231.72 | OK | |
r-devel-linux-x86_64-fedora-clang | 0.3-0 | 413.31 | NOTE | |||
r-devel-linux-x86_64-fedora-gcc | 0.3-0 | 392.36 | OK | |||
r-devel-windows-ix86+x86_64 | 0.3-0 | 253.00 | 379.00 | 632.00 | OK | |
r-patched-linux-x86_64 | 0.3-0 | 100.48 | 185.17 | 285.65 | OK | |
r-patched-solaris-x86 | 0.3-0 | 471.70 | OK | |||
r-release-linux-x86_64 | 0.3-0 | 100.57 | 185.01 | 285.58 | OK | |
r-release-macos-x86_64 | 0.3-0 | NOTE | ||||
r-release-windows-ix86+x86_64 | 0.3-0 | 255.00 | 290.00 | 545.00 | OK | |
r-oldrel-macos-x86_64 | 0.3-0 | NOTE | ||||
r-oldrel-windows-ix86+x86_64 | 0.3-0 | 192.00 | 364.00 | 556.00 | OK |
Version: 0.3-0
Check: installed package size
Result: NOTE
installed size is 6.0Mb
sub-directories of 1Mb or more:
libs 4.6Mb
Flavors: r-devel-linux-x86_64-fedora-clang, r-release-macos-x86_64, r-oldrel-macos-x86_64