CRAN Package Check Results for Package errorist

Last updated on 2018-02-25 16:48:17 CET.

Flavor Version Tinstall Tcheck Ttotal Status Flags
r-devel-linux-x86_64-debian-clang 0.0.1 0.68 18.55 19.23 OK
r-devel-linux-x86_64-debian-gcc 0.0.1 0.67 14.93 15.60 OK
r-devel-linux-x86_64-fedora-clang 0.0.1 23.18 NOTE
r-devel-linux-x86_64-fedora-gcc 0.0.1 22.53 NOTE
r-devel-windows-ix86+x86_64 0.0.1 3.00 38.00 41.00 OK
r-patched-linux-x86_64 0.0.1 0.76 19.28 20.04 OK
r-patched-solaris-x86 0.0.1 32.30 NOTE
r-release-linux-x86_64 0.0.1 0.85 19.54 20.39 OK
r-release-windows-ix86+x86_64 0.0.1 2.00 39.00 41.00 OK
r-release-osx-x86_64 0.0.1 NOTE
r-oldrel-windows-ix86+x86_64 0.0.1 2.00 30.00 32.00 OK

Check Details

Version: 0.0.1
Check: dependencies in R code
Result: NOTE
    Namespace in Imports field not imported from: ‘searcher’
     All declared Imports should be used.
Flavors: r-devel-linux-x86_64-fedora-clang, r-devel-linux-x86_64-fedora-gcc, r-patched-solaris-x86, r-release-osx-x86_64