CRAN Package Check Results for Package errorist

Last updated on 2019-01-22 07:49:09 CET.

Flavor Version Tinstall Tcheck Ttotal Status Flags
r-devel-linux-x86_64-debian-clang 0.0.2 0.96 19.95 20.91 OK
r-devel-linux-x86_64-debian-gcc 0.0.2 0.75 16.28 17.03 OK
r-devel-linux-x86_64-fedora-clang 0.0.2 26.19 OK
r-devel-linux-x86_64-fedora-gcc 0.0.2 23.98 OK
r-devel-windows-ix86+x86_64 0.0.2 3.00 45.00 48.00 OK
r-patched-linux-x86_64 0.0.2 0.56 18.76 19.32 OK
r-patched-solaris-x86 0.0.2 39.40 OK
r-release-linux-x86_64 0.0.2 0.91 18.80 19.71 OK
r-release-windows-ix86+x86_64 0.0.2 5.00 48.00 53.00 OK
r-release-osx-x86_64 0.0.2 OK
r-oldrel-windows-ix86+x86_64 0.0.2 3.00 46.00 49.00 OK
r-oldrel-osx-x86_64 0.0.1 NOTE

Check Details

Version: 0.0.1
Check: dependencies in R code
Result: NOTE
    Namespace in Imports field not imported from: ‘searcher’
     All declared Imports should be used.
Flavor: r-oldrel-osx-x86_64