CRAN Package Check Results for Package errorist

Last updated on 2022-12-05 07:53:40 CET.

Flavor Version Tinstall Tcheck Ttotal Status Flags
r-devel-linux-x86_64-debian-clang 0.1.0 2.21 26.47 28.68 NOTE
r-devel-linux-x86_64-debian-gcc 0.1.0 1.56 20.76 22.32 NOTE
r-devel-linux-x86_64-fedora-clang 0.1.0 46.00 NOTE
r-devel-linux-x86_64-fedora-gcc 0.1.0 55.67 NOTE
r-devel-windows-x86_64 0.1.0 12.00 56.00 68.00 NOTE
r-patched-linux-x86_64 0.1.0 4.06 25.26 29.32 NOTE
r-release-linux-x86_64 0.1.0 1.51 25.45 26.96 NOTE
r-release-macos-arm64 0.1.0 17.00 NOTE
r-release-macos-x86_64 0.1.0 22.00 NOTE
r-release-windows-x86_64 0.1.0 18.00 57.00 75.00 NOTE
r-oldrel-macos-arm64 0.1.0 26.00 NOTE
r-oldrel-macos-x86_64 0.1.0 26.00 NOTE
r-oldrel-windows-ix86+x86_64 0.1.0 5.00 48.00 53.00 NOTE

Check Details

Version: 0.1.0
Check: LazyData
Result: NOTE
     'LazyData' is specified without a 'data' directory
Flavors: r-devel-linux-x86_64-debian-clang, r-devel-linux-x86_64-debian-gcc, r-devel-linux-x86_64-fedora-clang, r-devel-linux-x86_64-fedora-gcc, r-devel-windows-x86_64, r-patched-linux-x86_64, r-release-linux-x86_64, r-release-macos-arm64, r-release-macos-x86_64, r-release-windows-x86_64, r-oldrel-macos-arm64, r-oldrel-macos-x86_64, r-oldrel-windows-ix86+x86_64