CRAN Package Check Results for Package errorist

Last updated on 2018-05-26 04:50:52 CEST.

Flavor Version Tinstall Tcheck Ttotal Status Flags
r-devel-linux-x86_64-debian-clang 0.0.1 0.94 19.73 20.67 OK
r-devel-linux-x86_64-debian-gcc 0.0.1 0.70 15.79 16.49 OK
r-devel-linux-x86_64-fedora-clang 0.0.1 25.29 NOTE
r-devel-linux-x86_64-fedora-gcc 0.0.1 23.34 NOTE
r-devel-windows-ix86+x86_64 0.0.1 2.00 36.00 38.00 OK
r-patched-linux-x86_64 0.0.1 0.84 18.36 19.20 OK
r-patched-solaris-x86 0.0.1 35.90 NOTE
r-release-linux-x86_64 0.0.1 0.85 18.24 19.09 OK
r-release-windows-ix86+x86_64 0.0.1 3.00 41.00 44.00 OK
r-release-osx-x86_64 0.0.1 NOTE
r-oldrel-windows-ix86+x86_64 0.0.1 3.00 32.00 35.00 OK
r-oldrel-osx-x86_64 0.0.1 NOTE

Check Details

Version: 0.0.1
Check: dependencies in R code
Result: NOTE
    Namespace in Imports field not imported from: ‘searcher’
     All declared Imports should be used.
Flavors: r-devel-linux-x86_64-fedora-clang, r-devel-linux-x86_64-fedora-gcc, r-patched-solaris-x86, r-release-osx-x86_64, r-oldrel-osx-x86_64