CRAN Package Check Results for Package errorist

Last updated on 2018-08-17 13:46:23 CEST.

Flavor Version Tinstall Tcheck Ttotal Status Flags
r-devel-linux-x86_64-debian-clang 0.0.1 0.94 20.34 21.28 OK
r-devel-linux-x86_64-debian-gcc 0.0.1 0.76 16.35 17.11 OK
r-devel-linux-x86_64-fedora-clang 0.0.1 26.50 NOTE
r-devel-linux-x86_64-fedora-gcc 0.0.1 24.00 NOTE
r-devel-windows-ix86+x86_64 0.0.1 4.00 59.00 63.00 OK
r-patched-linux-x86_64 0.0.1 0.62 18.80 19.42 OK
r-patched-solaris-x86 0.0.1 37.60 NOTE
r-release-linux-x86_64 0.0.1 0.89 18.53 19.42 OK
r-release-windows-ix86+x86_64 0.0.1 4.00 43.00 47.00 OK
r-release-osx-x86_64 0.0.1 NOTE
r-oldrel-windows-ix86+x86_64 0.0.1 3.00 33.00 36.00 OK
r-oldrel-osx-x86_64 0.0.1 NOTE

Check Details

Version: 0.0.1
Check: dependencies in R code
Result: NOTE
    Namespace in Imports field not imported from: ‘searcher’
     All declared Imports should be used.
Flavors: r-devel-linux-x86_64-fedora-clang, r-devel-linux-x86_64-fedora-gcc, r-patched-solaris-x86, r-release-osx-x86_64, r-oldrel-osx-x86_64