CRAN Package Check Results for Package errorist

Last updated on 2018-10-16 11:48:01 CEST.

Flavor Version Tinstall Tcheck Ttotal Status Flags
r-devel-linux-x86_64-debian-clang 0.0.1 0.97 20.18 21.15 OK
r-devel-linux-x86_64-debian-gcc 0.0.1 0.76 16.71 17.47 OK
r-devel-linux-x86_64-fedora-clang 0.0.1 25.55 NOTE
r-devel-linux-x86_64-fedora-gcc 0.0.1 24.51 NOTE
r-devel-windows-ix86+x86_64 0.0.1 4.00 45.00 49.00 OK
r-patched-linux-x86_64 0.0.1 0.84 18.37 19.21 OK
r-patched-solaris-x86 0.0.1 35.40 NOTE
r-release-linux-x86_64 0.0.1 0.85 18.74 19.59 OK
r-release-windows-ix86+x86_64 0.0.1 2.00 47.00 49.00 OK
r-release-osx-x86_64 0.0.1 NOTE
r-oldrel-windows-ix86+x86_64 0.0.1 3.00 43.00 46.00 OK
r-oldrel-osx-x86_64 0.0.1 NOTE

Check Details

Version: 0.0.1
Check: dependencies in R code
Result: NOTE
    Namespace in Imports field not imported from: ‘searcher’
     All declared Imports should be used.
Flavors: r-devel-linux-x86_64-fedora-clang, r-devel-linux-x86_64-fedora-gcc, r-patched-solaris-x86, r-release-osx-x86_64, r-oldrel-osx-x86_64